{"id":231,"date":"2016-03-24T19:38:46","date_gmt":"2016-03-24T17:38:46","guid":{"rendered":"http:\/\/tc.gdu.edu.az\/?page_id=231"},"modified":"2025-04-23T21:58:49","modified_gmt":"2025-04-23T19:58:49","slug":"t%c9%99dris-isl%c9%99ri-uzr%c9%99-dekan-muavini-3","status":"publish","type":"page","link":"http:\/\/tcf.gdu.edu.az\/?page_id=231","title":{"rendered":"T\u0259dris i\u015fl\u0259ri \u00fczr\u0259 dekan m\u00fcavini"},"content":{"rendered":"\n<div class=\"wp-block-group is-nowrap is-layout-flex wp-container-core-group-is-layout-1 wp-block-group-is-layout-flex\">\n<figure class=\"wp-block-gallery has-nested-images columns-default is-cropped wp-block-gallery-1 is-layout-flex wp-block-gallery-is-layout-flex\">\n<figure class=\"wp-block-image size-column2-1\/1\"><a href=\"https:\/\/tcf.gdu.edu.az\/wp-content\/uploads\/2025\/04\/04b8869f-6644-46c8-831e-0965fa6115c1-5.jpg\"><img loading=\"lazy\" decoding=\"async\" width=\"480\" height=\"480\" src=\"https:\/\/tcf.gdu.edu.az\/wp-content\/uploads\/2025\/04\/04b8869f-6644-46c8-831e-0965fa6115c1-5-480x480.jpg\" alt=\"\" class=\"wp-image-4197\" srcset=\"http:\/\/tcf.gdu.edu.az\/wp-content\/uploads\/2025\/04\/04b8869f-6644-46c8-831e-0965fa6115c1-5-480x480.jpg 480w, http:\/\/tcf.gdu.edu.az\/wp-content\/uploads\/2025\/04\/04b8869f-6644-46c8-831e-0965fa6115c1-5-150x150.jpg 150w, http:\/\/tcf.gdu.edu.az\/wp-content\/uploads\/2025\/04\/04b8869f-6644-46c8-831e-0965fa6115c1-5-960x960.jpg 960w, http:\/\/tcf.gdu.edu.az\/wp-content\/uploads\/2025\/04\/04b8869f-6644-46c8-831e-0965fa6115c1-5-320x320.jpg 320w, http:\/\/tcf.gdu.edu.az\/wp-content\/uploads\/2025\/04\/04b8869f-6644-46c8-831e-0965fa6115c1-5-240x240.jpg 240w\" sizes=\"auto, (max-width: 480px) 100vw, 480px\" \/><\/a><\/figure>\n<\/figure>\n<\/div>\n\n\n<p><strong>Hac\u0131yev Niyam\u0259ddin\u00a0\u00a0 M\u0259zahir\u00a0 o\u011flu.\u00a0<\/strong><\/p>\n<p><strong>Ba\u015f m\u00fc\u0259llim<\/strong><\/p>\n<p>\u0130\u015f telefonu:\u00a0 + ( 994) 22-266-21-40<\/p>\n<p>e-mail:haciyev.niyamedin1@ mail.ru<\/p>\n<p><strong>QISA B\u0130OQRAF\u0130K M\u018fLUMAT<\/strong><\/p>\n<ul>\n<li>1981-ci il Yanvar\u00a0 27-d\u0259\u00a0 Erm\u0259nistan Respublikas\u0131n\u0131n Vardenis rayonun\u00a0 Zod\u00a0 k\u0259ndind\u0259 anadan olmu\u015fdur.<\/li>\n<li>1988- 1998-ci ill\u0259rd\u0259 G\u00f6ygol\u00a0 \u015f\u0259h\u0259r\u00a0 Emil V\u0259liyev\u00a0 ad\u0131na\u00a0 5 sayl\u0131 orta m\u0259kt\u0259bd\u0259\u00a0 t\u0259hsil alm\u0131\u015fd\u0131.<\/li>\n<\/ul>\n<p><strong>T\u018fHS\u0130L\u0130, ELM\u0130 D\u018fR\u018fC\u018f V\u018f ELM\u0130 ADLARI<\/strong><\/p>\n<ul>\n<li>2000- 2004-c\u00fc ill\u0259rd\u0259\u00a0 G\u0259nc\u0259\u00a0 D\u00f6vl\u0259t\u00a0 Universitetinin\u00a0 Tarix\u00a0 fak\u00fclt\u0259sinid\u0259 t\u0259hsil alm\u0131\u015fd\u0131r.<\/li>\n<li>2004-c\u00fc ild\u0259 bakalavr pill\u0259sini f\u0259rql\u0259nm\u0259 il\u0259 bitirmi\u015fdir.<\/li>\n<li>2004-2006-c\u0131 ill\u0259rd\u0259 Az\u0259rbaycan\u0131n\u00a0 yeni\u00a0 v\u0259\u00a0 \u0259n\u00a0 yeni\u00a0 tarixi\u00a0 ixtisas\u0131n\u0131n\u00a0\u00a0 magistr\u00a0 pill\u0259sinind\u0259 t\u0259hsil al\u0131b v\u0259 oran\u0131\u00a0 f\u0259rql\u0259nm\u0259\u00a0\u00a0 diplomu\u00a0 il\u0259\u00a0 bitirmi\u015fdir.<\/li>\n<li>2012- ci ild\u0259n AMEA-n\u0131n A.A.Bak\u0131xanov ad\u0131na Tarix \u0130nstitutunun Qafqaz\u00a0 xalqlar\u0131\u00a0 \u015f\u00f6b\u0259sinin\u00a0 dissertant\u0131d\u0131r.<\/li>\n<li>\u201c D\u0259rb\u0259nd \u015f\u0259h\u0259ri\u00a0 Az\u0259rbaycan\u0131n m\u0259d\u0259niyy\u0259t\u00a0 m\u0259rk\u0259zl\u0259rind\u0259n\u00a0 biri\u00a0 kimi\u00a0 (XIX\u00a0 \u0259srin\u00a0 sonu \u2013 XX \u0259srin \u0259vv\u0259ll\u0259rind\u0259 ) \u201c adl\u0131\u00a0 m\u00f6vzusunda\u00a0 namiz\u0259dlik\u00a0 dissertasiyas\u0131n\u0131 m\u00fcdafi\u0259 etmi\u015fdir.<\/li>\n<\/ul>\n<p><strong>\u018fM\u018fK F\u018fAL\u0130YY\u018fT\u0130<\/strong><\/p>\n<ul>\n<li>2001-2004-c\u00fc ill\u0259rd\u0259\u00a0 GDU-nun\u00a0 T\u0259l\u0259b\u0259 H\u0259mkarlar T\u0259\u015fkilat\u0131n\u0131n s\u0259dr\u00a0 m\u00fcavini\u00a0 i\u015fl\u0259mi\u015fdir. Tarix &#8211; Co\u011frafiya\u00a0 fak\u00fclt\u0259\u00a0 Elmi\u00a0 \u015furas\u0131n\u0131n \u00fczv\u00fc<\/li>\n<li>2004- 2005-ci ill\u0259rd\u0259\u00a0 GDU-nun T\u0259l\u0259b\u0259 H\u0259mkarlar\u00a0 T\u0259\u015fkilat\u0131n\u0131n\u00a0 s\u0259dr \u0259v\u0259zi\u00a0 v\u0259zif\u0259sind\u0259\u00a0 i\u015fl\u0259yib.H\u0259min\u00a0 ill\u0259rd\u0259\u00a0 GDU-nun\u00a0 B\u00f6y\u00fck Elmi \u015euras\u0131n\u0131n\u00a0 \u00fczv\u00fc\u00a0 olmu\u015fdur.<\/li>\n<li>2005-2006-c\u0131 ill\u0259rd\u0259 GDU-nun\u00a0\u00a0 TGT-n\u0131n\u00a0 s\u0259dri olubdu.<\/li>\n<li>2009-cu ild\u0259n\u00a0 \u00dcmumi\u00a0 tarix\u00a0 kafedras\u0131nda\u00a0\u00a0 staj\u00e7\u0131\u00a0\u00a0 m\u00fc\u0259llim, 2010-c\u00fc\u00a0 ild\u0259n\u00a0 m\u00fc\u0259llim, 2014-c\u00fc\u00a0 ild\u0259n\u00a0 is\u0259\u00a0 ba\u015f\u00a0 m\u00fc\u0259llim\u00a0 v\u0259zif\u0259sind\u0259\u00a0 \u00e7al\u0131\u015f\u0131r.<\/li>\n<li>2023-c\u00fc ild\u0259n Az\u0259rbaycan tarixi kafedras\u0131nda ba\u015f m\u00fc\u0259llim v\u0259zif\u0259sind\u0259 \u00e7al\u0131\u015f\u0131r.<\/li>\n<li>2009-2013-c\u00fc ill\u0259rd\u0259 GDU-nun Tarix-Co\u011frafiya fakult\u0259sind\u0259 tyutor\u00a0\u00a0 v\u0259zif\u0259sind\u0259\u00a0 i\u015fl\u0259mi\u015fdir.<\/li>\n<li>2013-c\u00fc ild\u0259n Tarix-\u00a0 Co\u011frafiya\u00a0 fak\u00fclt\u0259sinin\u00a0 t\u0259dris\u00a0 i\u015fl\u0259ri\u00a0 \u00fczr\u0259\u00a0 dekan\u00a0 m\u00fcavini\u00a0 v\u0259zif\u0259sind\u0259\u00a0 \u00e7al\u0131\u015f\u0131r.<\/li>\n<\/ul>\n<p><strong>BEYN\u018fLXALQ SEM\u0130NAR, S\u0130MPOZ\u0130UM V\u018f KONFRANSLARDA \u0130\u015eT\u0130RAKI<\/strong><\/p>\n<ul>\n<li>D\u0259rb\u0259nd \u015f\u0259h\u0259rinin\u00a0\u00a0 sosial-m\u0259d\u0259ni\u00a0 h\u0259yat\u0131na\u00a0 \u00fcmumi\u00a0 bir\u00a0 bax\u0131\u015f.\u00a0\u00a0 S\u0259h.251. \u0130nternational\u00a0 Confercnce. Actual\u00a0 Problems\u00a0 of\u00a0 the\u00a0 history\u00a0 of\u00a0 the\u00a0 Caucasus\u00a0 Voume -1. 2015-ci il.<\/li>\n<\/ul>\n<p><strong>SE\u00c7\u0130LM\u0130\u015e \u018fS\u018fRL\u018fR\u0130<\/strong><\/p>\n<ul>\n<li>1994 \u2013 1996-\u00a0 c\u0131 ill\u0259rd\u0259\u00a0\u00a0 Az\u0259rbaycan- Rusiya\u00a0 iqtisadi\u00a0 \u0259laq\u0259l\u0259ri. GDU.\u00a0 Elmi\u00a0 x\u0259b\u0259rl\u0259r .N-3.\u00a0 G\u0259nc\u0259 2011-ci il.<\/li>\n<li>\u0413\u044f\u043d\u0434\u0436\u0430 \u0432\u00a0 \u043d\u0430\u0447\u0430\u043b\u0435 \u0425\u0425 \u0432\u0435\u043a\u0430\u00a0 \u0441\u0442\u0440. 29. \u041c\u0435\u0436\u0434\u0443\u043d\u0430\u0440\u043e\u0434\u043d\u0430\u044f\u00a0\u00a0 \u0437\u043e\u043d\u0430\u043b\u044a\u043d\u0430\u044f \u043a\u043e\u043d\u0444\u0435\u0440\u0435\u043d\u0446\u0438\u044f \u00a0\u00ab\u0412\u043e\u043f\u0440\u043e\u0441\u044b \u0438\u0441\u0442\u043e\u0440\u0438\u0447\u0435\u0441\u043a\u043e\u0439 \u043d\u0430\u0443\u043a\u0438\u00bb \u041c\u043e\u0441\u043a\u0432\u0430\u00a0 2012<\/li>\n<li>Heyd\u0259r \u018fliyev\u00a0 v\u0259\u00a0 G\u0259nc\u0259d\u0259\u00a0\u00a0 tarixi\u00a0 yadda\u015f\u0131n\u00a0 \u00f6z\u00fcn\u0259\u00a0 qaytar\u0131lmas\u0131\u00a0 prosesi.G\u0259nc\u0259\u00a0 D\u00f6vl\u0259t Universiteti. \u00dcmumilli\u00a0 lider\u00a0 Heyd\u0259r \u018fliyevin\u00a0 90 illik\u00a0 yubileyin\u0259\u00a0 h\u0259sr olunmu\u015f\u00a0 elmi-praktik\u00a0 konfrans.\u00a0 6-7 May\u00a0 2013-c\u00fc\u00a0 il.\u00a0 I\u00a0 hiss\u0259. G\u0259nc\u0259\u00a0 2013<\/li>\n<li>XIX\u00a0 \u0259srin\u00a0\u00a0 sonu &#8211;\u00a0 XX \u0259srin \u0259vv\u0259ll\u0259rind\u0259\u00a0 D\u0259rb\u0259nd\u00a0 \u015f\u0259h\u0259rinin\u00a0 teatr\u00a0 v\u0259 memarl\u0131q\u00a0 \u0259n\u0259n\u0259l\u0259rin\u0259\u00a0 dair. \u00a0Tarix\u00a0 v\u0259 onun\u00a0 probleml\u0259ri -3\u00a0\u00a0 Bak\u0131- 2013<\/li>\n<li>XIX &#8211; XX \u0259srin \u0259vv\u0259ll\u0259rind\u0259 D\u0259rb\u0259nd\u00a0 \u015f\u0259h\u0259rinin\u00a0 m\u0259d\u0259niyy\u0259tinin\u00a0 tarix\u015f\u00fcnasl\u0131\u011f\u0131na\u00a0 dair. \u00a0G\u0259nc\u0259 D\u00f6vl\u0259t\u00a0 Universiteti.\u00a0 Elmi\u00a0 x\u0259b\u0259rl\u0259r- 1.\u00a0 G\u0259nc\u0259\u00a0\u00a0 2013<\/li>\n<\/ul>","protected":false},"excerpt":{"rendered":"<p>Hac\u0131yev Niyam\u0259ddin\u00a0\u00a0 M\u0259zahir\u00a0 o\u011flu.\u00a0 Ba\u015f m\u00fc\u0259llim \u0130\u015f telefonu:\u00a0 + ( 994) 22-266-21-40 e-mail:haciyev.niyamedin1@ mail.ru QISA B\u0130OQRAF\u0130K M\u018fLUMAT 1981-ci il Yanvar\u00a0 27-d\u0259\u00a0 Erm\u0259nistan Respublikas\u0131n\u0131n Vardenis rayonun\u00a0 Zod\u00a0 k\u0259ndind\u0259 anadan olmu\u015fdur. 1988- 1998-ci ill\u0259rd\u0259 G\u00f6ygol\u00a0 \u015f\u0259h\u0259r\u00a0 Emil V\u0259liyev\u00a0 ad\u0131na\u00a0 5 sayl\u0131 orta m\u0259kt\u0259bd\u0259\u00a0 t\u0259hsil alm\u0131\u015fd\u0131. T\u018fHS\u0130L\u0130, ELM\u0130 D\u018fR\u018fC\u018f V\u018f ELM\u0130 ADLARI 2000- 2004-c\u00fc ill\u0259rd\u0259\u00a0 G\u0259nc\u0259\u00a0 D\u00f6vl\u0259t\u00a0 Universitetinin\u00a0 [&hellip;]<\/p>\n","protected":false},"author":4,"featured_media":0,"parent":0,"menu_order":0,"comment_status":"closed","ping_status":"closed","template":"","meta":{"footnotes":""},"categories":[11],"tags":[],"class_list":["post-231","page","type-page","status-publish","hentry","category-dekanliq"],"_links":{"self":[{"href":"http:\/\/tcf.gdu.edu.az\/index.php?rest_route=\/wp\/v2\/pages\/231","targetHints":{"allow":["GET"]}}],"collection":[{"href":"http:\/\/tcf.gdu.edu.az\/index.php?rest_route=\/wp\/v2\/pages"}],"about":[{"href":"http:\/\/tcf.gdu.edu.az\/index.php?rest_route=\/wp\/v2\/types\/page"}],"author":[{"embeddable":true,"href":"http:\/\/tcf.gdu.edu.az\/index.php?rest_route=\/wp\/v2\/users\/4"}],"replies":[{"embeddable":true,"href":"http:\/\/tcf.gdu.edu.az\/index.php?rest_route=%2Fwp%2Fv2%2Fcomments&post=231"}],"version-history":[{"count":9,"href":"http:\/\/tcf.gdu.edu.az\/index.php?rest_route=\/wp\/v2\/pages\/231\/revisions"}],"predecessor-version":[{"id":4198,"href":"http:\/\/tcf.gdu.edu.az\/index.php?rest_route=\/wp\/v2\/pages\/231\/revisions\/4198"}],"wp:attachment":[{"href":"http:\/\/tcf.gdu.edu.az\/index.php?rest_route=%2Fwp%2Fv2%2Fmedia&parent=231"}],"wp:term":[{"taxonomy":"category","embeddable":true,"href":"http:\/\/tcf.gdu.edu.az\/index.php?rest_route=%2Fwp%2Fv2%2Fcategories&post=231"},{"taxonomy":"post_tag","embeddable":true,"href":"http:\/\/tcf.gdu.edu.az\/index.php?rest_route=%2Fwp%2Fv2%2Ftags&post=231"}],"curies":[{"name":"wp","href":"https:\/\/api.w.org\/{rel}","templated":true}]}}