{"id":236,"date":"2016-03-24T19:41:14","date_gmt":"2016-03-24T17:41:14","guid":{"rendered":"http:\/\/tc.gdu.edu.az\/?page_id=236"},"modified":"2025-10-15T12:42:04","modified_gmt":"2025-10-15T10:42:04","slug":"tyutorlar","status":"publish","type":"page","link":"http:\/\/tcf.gdu.edu.az\/?page_id=236","title":{"rendered":"Tyutorlar"},"content":{"rendered":"\n<div class=\"wp-block-media-text is-stacked-on-mobile\" style=\"grid-template-columns:35% auto\"><figure class=\"wp-block-media-text__media\"><img loading=\"lazy\" decoding=\"async\" width=\"539\" height=\"463\" src=\"https:\/\/tcf.gdu.edu.az\/wp-content\/uploads\/2025\/04\/IMG_1544-removebg-preview.png\" alt=\"\" class=\"wp-image-4185 size-full\" srcset=\"http:\/\/tcf.gdu.edu.az\/wp-content\/uploads\/2025\/04\/IMG_1544-removebg-preview.png 539w, http:\/\/tcf.gdu.edu.az\/wp-content\/uploads\/2025\/04\/IMG_1544-removebg-preview-300x258.png 300w\" sizes=\"auto, (max-width: 539px) 100vw, 539px\" \/><\/figure><div class=\"wp-block-media-text__content\">\n<p class=\"has-small-font-size\"><strong>V\u0259zif\u0259:<\/strong>&nbsp; Akademik m\u0259sl\u0259h\u0259t\u00e7i (tyutor)<\/p>\n\n\n\n<p><strong>Ad:&nbsp;<\/strong>S\u0259id\u0259<\/p>\n\n\n\n<p><strong>Soyad:&nbsp;<\/strong>Xanl\u0131<\/p>\n\n\n\n<p><strong>Elektron po\u00e7t:&nbsp;<\/strong><a href=\"mailto:tyutor.p.sahiba@gdu.edu.az\">tyutor.x.seide@gdu.edu.az<\/a><\/p>\n\n\n\n<p class=\"has-small-font-size\"><strong>\u018flaq\u0259:&nbsp; &nbsp; &nbsp;<\/strong>0555023643<\/p>\n<\/div><\/div>\n\n\n\n<hr class=\"wp-block-separator has-alpha-channel-opacity\"\/>\n\n\n\n<div class=\"wp-block-media-text is-stacked-on-mobile\" style=\"grid-template-columns:35% auto\"><figure class=\"wp-block-media-text__media\"><img loading=\"lazy\" decoding=\"async\" width=\"437\" height=\"429\" src=\"http:\/\/tcf.gdu.edu.az\/wp-content\/uploads\/2025\/04\/1d71d657-4c51-477a-b02b-940a0d499c9c-removebg-preview-2.png\" alt=\"\" class=\"wp-image-4252 size-full\" srcset=\"http:\/\/tcf.gdu.edu.az\/wp-content\/uploads\/2025\/04\/1d71d657-4c51-477a-b02b-940a0d499c9c-removebg-preview-2.png 437w, http:\/\/tcf.gdu.edu.az\/wp-content\/uploads\/2025\/04\/1d71d657-4c51-477a-b02b-940a0d499c9c-removebg-preview-2-300x295.png 300w\" sizes=\"auto, (max-width: 437px) 100vw, 437px\" \/><\/figure><div class=\"wp-block-media-text__content\">\n<p><strong>V\u0259zif\u0259:<\/strong>&nbsp; Akademik m\u0259sl\u0259h\u0259t\u00e7i (tyutor)<\/p>\n\n\n\n<p><strong>Ad:&nbsp;<\/strong>Aysu<\/p>\n\n\n\n<p><strong>Soyad:&nbsp;<\/strong>Ba\u011f\u0131rova<\/p>\n\n\n\n<p><strong>Elektron po\u00e7t:&nbsp;<\/strong>bagirovaaysu86@gmail.com<\/p>\n\n\n\n<p><strong>\u018flaq\u0259:\u00a0<\/strong> 0515528966\u00a0 \u00a0<\/p>\n<\/div><\/div>\n\n\n\n<hr class=\"wp-block-separator has-alpha-channel-opacity\"\/>\n\n\n\n<p class=\"has-medium-font-size\"><\/p>\n\n\n\n<div class=\"wp-block-media-text is-stacked-on-mobile\" style=\"grid-template-columns:35% auto\"><figure class=\"wp-block-media-text__media\"><img loading=\"lazy\" decoding=\"async\" width=\"509\" height=\"490\" src=\"http:\/\/tcf.gdu.edu.az\/wp-content\/uploads\/2025\/04\/e7902b53-0db0-464d-8e82-7ae958577721-removebg-preview.png\" alt=\"\" class=\"wp-image-4183 size-full\" srcset=\"http:\/\/tcf.gdu.edu.az\/wp-content\/uploads\/2025\/04\/e7902b53-0db0-464d-8e82-7ae958577721-removebg-preview.png 509w, http:\/\/tcf.gdu.edu.az\/wp-content\/uploads\/2025\/04\/e7902b53-0db0-464d-8e82-7ae958577721-removebg-preview-300x289.png 300w\" sizes=\"auto, (max-width: 509px) 100vw, 509px\" \/><\/figure><div class=\"wp-block-media-text__content\">\n<p><strong>V\u0259zif\u0259:<\/strong>&nbsp; Akademik m\u0259sl\u0259h\u0259t\u00e7i (tyutor)<\/p>\n\n\n\n<p><strong>Ad:&nbsp;<\/strong>Kamil<\/p>\n\n\n\n<p><strong>Soyad:&nbsp;<\/strong>\u018fhm\u0259dov<\/p>\n\n\n\n<p><strong>Elektron po\u00e7t:&nbsp;<\/strong>kamilehmedovv1@gmail.com<\/p>\n\n\n\n<p><strong>\u018flaq\u0259:&nbsp; <\/strong>0504206420<\/p>\n<\/div><\/div>\n\n\n\n<hr class=\"wp-block-separator has-alpha-channel-opacity\"\/>\n\n\n\n<div class=\"wp-block-media-text is-stacked-on-mobile\" style=\"grid-template-columns:33% auto\"><figure class=\"wp-block-media-text__media\"><img loading=\"lazy\" decoding=\"async\" width=\"371\" height=\"433\" src=\"http:\/\/tcf.gdu.edu.az\/wp-content\/uploads\/2025\/04\/032cd2e7-5ca6-409c-a082-9410874a688a-removebg-preview-1-1.png\" alt=\"\" class=\"wp-image-4254 size-full\" srcset=\"http:\/\/tcf.gdu.edu.az\/wp-content\/uploads\/2025\/04\/032cd2e7-5ca6-409c-a082-9410874a688a-removebg-preview-1-1.png 371w, http:\/\/tcf.gdu.edu.az\/wp-content\/uploads\/2025\/04\/032cd2e7-5ca6-409c-a082-9410874a688a-removebg-preview-1-1-257x300.png 257w\" sizes=\"auto, (max-width: 371px) 100vw, 371px\" \/><\/figure><div class=\"wp-block-media-text__content\">\n<p><strong>V\u0259zif\u0259:<\/strong>&nbsp; Akademik m\u0259sl\u0259h\u0259t\u00e7i (tyutor)<\/p>\n\n\n\n<p><strong>Ad:&nbsp;<\/strong>Leyla<\/p>\n\n\n\n<p><strong>Soyad:&nbsp;<\/strong>Quliyeva<\/p>\n\n\n\n<p><strong>Elektron po\u00e7t:&nbsp;<\/strong>leylaquliyeva878@gmail.com<\/p>\n\n\n\n<p><strong>\u018flaq\u0259:&nbsp; <\/strong>0508679246<\/p>\n<\/div><\/div>\n","protected":false},"excerpt":{"rendered":"<p>V\u0259zif\u0259:&nbsp; Akademik m\u0259sl\u0259h\u0259t\u00e7i (tyutor) Ad:&nbsp;S\u0259id\u0259 Soyad:&nbsp;Xanl\u0131 Elektron po\u00e7t:&nbsp;tyutor.x.seide@gdu.edu.az \u018flaq\u0259:&nbsp; &nbsp; &nbsp;0555023643 V\u0259zif\u0259:&nbsp; Akademik m\u0259sl\u0259h\u0259t\u00e7i (tyutor) Ad:&nbsp;Aysu Soyad:&nbsp;Ba\u011f\u0131rova Elektron po\u00e7t:&nbsp;bagirovaaysu86@gmail.com \u018flaq\u0259:\u00a0 0515528966\u00a0 \u00a0 V\u0259zif\u0259:&nbsp; Akademik m\u0259sl\u0259h\u0259t\u00e7i (tyutor) Ad:&nbsp;Kamil Soyad:&nbsp;\u018fhm\u0259dov Elektron po\u00e7t:&nbsp;kamilehmedovv1@gmail.com \u018flaq\u0259:&nbsp; 0504206420 V\u0259zif\u0259:&nbsp; Akademik m\u0259sl\u0259h\u0259t\u00e7i (tyutor) Ad:&nbsp;Leyla Soyad:&nbsp;Quliyeva Elektron po\u00e7t:&nbsp;leylaquliyeva878@gmail.com \u018flaq\u0259:&nbsp; 0508679246<\/p>\n","protected":false},"author":4,"featured_media":0,"parent":0,"menu_order":0,"comment_status":"closed","ping_status":"closed","template":"","meta":{"footnotes":""},"categories":[11],"tags":[],"class_list":["post-236","page","type-page","status-publish","hentry","category-dekanliq"],"_links":{"self":[{"href":"http:\/\/tcf.gdu.edu.az\/index.php?rest_route=\/wp\/v2\/pages\/236","targetHints":{"allow":["GET"]}}],"collection":[{"href":"http:\/\/tcf.gdu.edu.az\/index.php?rest_route=\/wp\/v2\/pages"}],"about":[{"href":"http:\/\/tcf.gdu.edu.az\/index.php?rest_route=\/wp\/v2\/types\/page"}],"author":[{"embeddable":true,"href":"http:\/\/tcf.gdu.edu.az\/index.php?rest_route=\/wp\/v2\/users\/4"}],"replies":[{"embeddable":true,"href":"http:\/\/tcf.gdu.edu.az\/index.php?rest_route=%2Fwp%2Fv2%2Fcomments&post=236"}],"version-history":[{"count":47,"href":"http:\/\/tcf.gdu.edu.az\/index.php?rest_route=\/wp\/v2\/pages\/236\/revisions"}],"predecessor-version":[{"id":4536,"href":"http:\/\/tcf.gdu.edu.az\/index.php?rest_route=\/wp\/v2\/pages\/236\/revisions\/4536"}],"wp:attachment":[{"href":"http:\/\/tcf.gdu.edu.az\/index.php?rest_route=%2Fwp%2Fv2%2Fmedia&parent=236"}],"wp:term":[{"taxonomy":"category","embeddable":true,"href":"http:\/\/tcf.gdu.edu.az\/index.php?rest_route=%2Fwp%2Fv2%2Fcategories&post=236"},{"taxonomy":"post_tag","embeddable":true,"href":"http:\/\/tcf.gdu.edu.az\/index.php?rest_route=%2Fwp%2Fv2%2Ftags&post=236"}],"curies":[{"name":"wp","href":"https:\/\/api.w.org\/{rel}","templated":true}]}}