{"id":2953,"date":"2023-04-12T10:31:00","date_gmt":"2023-04-12T08:31:00","guid":{"rendered":"https:\/\/tcf.gdu.edu.az\/?page_id=2953"},"modified":"2026-04-12T20:29:07","modified_gmt":"2026-04-12T18:29:07","slug":"c%c9%99lilov-az%c9%99r-muzadil-oglu","status":"publish","type":"page","link":"https:\/\/tcf.gdu.edu.az\/?page_id=2953","title":{"rendered":"C\u0259lilov Az\u0259r M\u00fczadil o\u011flu"},"content":{"rendered":"\n<figure class=\"wp-block-image size-full\"><a href=\"https:\/\/tcf.gdu.edu.az\/wp-content\/uploads\/2023\/04\/Azer-Celilov.jpg\"><img loading=\"lazy\" decoding=\"async\" width=\"354\" height=\"472\" src=\"https:\/\/tcf.gdu.edu.az\/wp-content\/uploads\/2023\/04\/Azer-Celilov.jpg\" alt=\"\" class=\"wp-image-2954\" srcset=\"https:\/\/tcf.gdu.edu.az\/wp-content\/uploads\/2023\/04\/Azer-Celilov.jpg 354w, https:\/\/tcf.gdu.edu.az\/wp-content\/uploads\/2023\/04\/Azer-Celilov-225x300.jpg 225w\" sizes=\"auto, (max-width: 354px) 100vw, 354px\" \/><\/a><\/figure>\n\n\n\n<div class=\"wp-block-group has-black-color has-text-color\" style=\"font-size:14px\"><div class=\"wp-block-group__inner-container is-layout-constrained wp-block-group-is-layout-constrained\">\n<p>Pedaqogika \u00fczr\u0259 f\u0259ls\u0259f\u0259 doktoru, dosent (attestats\u0131z)<\/p>\n\n\n\n<p class=\"has-black-color has-text-color\">Tel: 050-504-98-49<\/p>\n\n\n\n<h3 class=\"wp-block-heading\">E-mail: azercelilov80@gmail.com<\/h3>\n\n\n\n<p><strong>QISA B\u0130OQRAF\u0130K M\u018fLUMAT<\/strong><\/p>\n\n\n\n<p>1980-ci il&nbsp; avqustun 22-d\u0259 Az\u0259rbaycan Respublikas\u0131n\u0131n G\u0259nc\u0259 \u015f\u0259h\u0259rind\u0259 anadan olmu\u015fdur.<\/p>\n\n\n\n<p>1987-1997-ci ill\u0259rd\u0259 G\u0259nc\u0259 \u015f\u0259h\u0259ri C\u0259f\u0259r Cabbarl\u0131 ad\u0131na 6 sayl\u0131 tam orta m\u0259kt\u0259bind\u0259 oxumu\u015fdur.<\/p>\n\n\n\n<p><strong>T\u018fHS\u0130L\u0130 v\u0259 ELM\u0130 D\u018fR\u018fC\u018f ADLARI<\/strong><\/p>\n\n\n\n<p>2001-ci ild\u0259 G\u0259nc\u0259 D\u00f6vl\u0259t Universitetinin&nbsp; Tarix fak\u00fclt\u0259sini bitirmi\u015fdir.<\/p>\n\n\n\n<p>2003-ci ild\u0259 GDU-nun \u201cAz\u0259rbaycan\u0131n yeni v\u0259 \u0259n yeni tarixi\u201d ixtisasla\u015fmas\u0131 \u00fczr\u0259 magistraturas\u0131n\u0131 f\u0259rql\u0259nm\u0259 diplomu il\u0259 bitirmi\u015fdir.<\/p>\n\n\n\n<p>2009-cu ild\u0259 \u201cAz\u0259rbaycan tarixinin t\u0259drisind\u0259 \u015fagirdl\u0259rd\u0259 tarixi anlay\u015flar\u0131n m\u0259nims\u0259dilm\u0259sinin imkanlar\u0131 v\u0259 yollar\u0131\u201d m\u00f6vzusunda pedaqogika \u00fczr\u0259 f\u0259ls\u0259f\u0259 doktoru elmi d\u0259r\u0259c\u0259si almaq \u00fc\u00e7\u00fcn dissertasiya m\u00fcdafi\u0259 etmi\u015fdir.<\/p>\n\n\n\n<p><strong>\u018fM\u018fK F\u018fAL\u0130YY\u018fT\u0130<\/strong><\/p>\n\n\n\n<p>2004-2015-ci ill\u0259rd\u0259 G\u0259nc\u0259 D\u00f6vl\u0259t Universitetinin Az\u0259rbaycan tarixi kafedrasnda m\u00fc\u0259llim<\/p>\n\n\n\n<p>2015-ci ild\u0259n G\u0259nc\u0259 D\u00f6vl\u0259t Universitetinin Sosial f\u0259nl\u0259r kafedras\u0131nda m\u00fc\u0259llim<\/p>\n\n\n\n<p>2018-ci ild\u0259n&nbsp; Sosial f\u0259nl\u0259r kafedras\u0131nda ba\u015f m\u00fc\u0259llim<\/p>\n\n\n\n<p>2023-c\u00fc ild\u0259n Sosial f\u0259nl\u0259r kafedras\u0131nda dosent (attestats\u0131z) <\/p>\n\n\n\n<p><strong>ELM\u0130 \u018fS\u018fRL\u018fR\u0130<\/strong><\/p>\n\n\n\n<p>&nbsp; &nbsp;\u201cQafqaz Albaniyas\u0131 Sovet tarix\u015f\u00fcnasl\u0131\u011f\u0131nda\u201d \/\/ G\u0259nc\u0259 D\u00f6vl\u0259t Universiteti. Elmi X\u0259b\u0259rl\u0259r, Fundamental, humanitar v\u0259&nbsp; elml\u0259ri seriyas\u0131, G\u0259nc\u0259. 2018, \u2116 2, s\u0259h. 281-287.<\/p>\n\n\n\n<p>\u201cG\u0259nc\u0259 quberniyas\u0131na ruslar\u0131n v\u0259 almanlar\u0131n k\u00f6\u00e7\u00fcr\u00fclm\u0259sininb\u00f6lg\u0259nin etnik t\u0259rkibin\u0259 t\u0259siri\u201d \/\/Geostrategiya jurnal\u0131, Bak\u0131. 2018, \u2116 3 (45) may -iyun s\u0259h.54-57<\/p>\n\n\n\n<p>\u201cErm\u0259ni riyakarl\u0131\u011f\u0131n\u0131n mahiyy\u0259ti tarixi m\u0259nb\u0259l\u0259rd\u0259\u201d \/\/ G\u0259nc\u0259 D\u00f6vl\u0259t Universiteti. Elmi X\u0259b\u0259rl\u0259r.Fundamental, humanitar v\u0259 t\u0259bi\u0259t elml\u0259ri seriyas\u0131, G\u0259nc\u0259. 2018, \u2116 3, s\u0259h.218-226<\/p>\n\n\n\n<p>\u201cXX \u0259srin 90-c\u0131 ill\u0259rind\u0259 Az\u0259rbaycan \u2013 Rusiya ticar\u0259t-iqtisadi \u0259laq\u0259l\u0259ri\u201d \/\/ GDU .Elmi X\u0259b\u0259rl\u0259.Fundamental, humanitar v\u0259 t\u0259bi\u0259t elml&nbsp;&nbsp; elml\u0259ri seriyas\u0131,&nbsp; G\u0259nc\u0259-2019, \u21162, s\u0259h.121-128<\/p>\n\n\n\n<p>\u201cAtab\u0259y \u2013 Eld\u0259nizl\u0259r d\u00f6vl\u0259tinin h\u0259rbi sistemi\u201d \/\/ Az\u0259rbaycan xal\u00e7alar\u0131. &nbsp;&nbsp;&nbsp;&nbsp;Elmi \u2013 publisistik jurnal. Bak\u0131. 2019, \u2116 32- Cild 9, s\u0259h. 136-143<\/p>\n\n\n\n<p>&nbsp; \u201cSosial i\u015fin t\u0259drisi prosesind\u0259 m\u00fc\u0259llim v\u0259 t\u0259l\u0259b\u0259l\u0259rin f\u0259aliyy\u0259ti\u201d \/\/ G\u0259nc\u0259 D\u00f6vl\u0259t Universiteti. Elmi X\u0259b\u0259rl\u0259r.Fundamental, humanitar v\u0259 t\u0259bi\u0259t elml\u0259ri seriyas\u0131, G\u0259nc\u0259-2020, \u2116 2, s\u0259h. 127-133<\/p>\n\n\n\n<p>&nbsp; &nbsp;\u201cSosial i\u015fin t\u0259drisind\u0259 \u0130nformasiya&nbsp; Kommunikasiya texnologiyalar\u0131ndan istifad\u0259\u201d\/\/ BSU. Elmi \u0259s\u0259rl\u0259r \u0130ctimai-siyasi elml\u0259r seriyasi Bak\u0131-2021, s\u0259h.146-150<\/p>\n\n\n\n<p>\u201c\u041e\u0441\u043d\u043e\u0432\u043d\u044b\u0435 \u043c\u0435\u0442\u043e\u0434\u043e\u043b\u043e\u0433\u0438\u0447\u0435\u0441\u043a\u0438\u0435 \u043f\u0440\u0438\u043d\u0446\u0438\u043f\u044b \u043f\u043e\u0441\u0442\u0440\u043e\u0435\u043d\u0438\u044f \u0441\u0438\u0441\u0442\u0435\u043c\u044b \u0434\u0435\u0442\u0435\u0440\u043c\u0438\u043d\u0430\u0446\u0438\u0438 \u0447\u0435\u043b\u043e\u0432\u0435\u0447\u0435\u0441\u043a\u043e\u0439 \u0436\u0438\u0437\u043d\u0435\u0434\u0435\u044f\u0442\u0435\u043b\u044c\u043d\u043e\u0441\u0442\u0438 \u0432 \u044d\u043f\u043e\u0445\u0443 \u0433\u043b\u043e\u0431\u0430\u043b\u0438\u0437\u0430\u0446\u0438\u0438\u201d\/\/ \u0413\u0420\u0410\u041d\u0418-\u041d\u0430\u0443\u043a\u043e\u0432\u043e \u0442\u0435\u043e\u0440\u0435\u0442\u0438\u0447\u043d\u0438\u0439&nbsp; \u0430\u043b\u044c\u043c\u0430\u043d\u0430\u0445 Dnipro, Ukraine-2021, cild 24 \u2116 11, s\u0259h.31-35, ISSN 2077-1800 (Print), ISSN 2413-8738 (Online)<strong> DOI:&nbsp;<\/strong><a href=\"https:\/\/doi.org\/10.15421\/1721105\">https:\/\/doi.org\/10.15421\/1721105<\/a><\/p>\n\n\n\n<p>\u201c\u041f\u0440\u0438\u0447\u0438\u043d\u044b \u0438 \u043f\u043e\u0441\u043b\u0435\u0434\u0441\u0442\u0432\u0438\u044f \u0431\u044b\u0442\u043e\u0432\u043e\u0433\u043e \u043d\u0430\u0441\u0438\u043b\u0438\u044f \u0432 \u0441\u0435\u043c\u044c\u0435\u201d\/\/ \u041c\u0435\u0436\u0434\u0443\u043d\u0430\u0440\u043e\u0434\u043d\u044b\u0439 \u043d\u0430\u0443\u0447\u043d\u044b\u0439 \u0436\u0443\u0440\u043d\u0430\u043b, \u0421\u0438\u043c\u0432\u043e\u043b \u043d\u0430\u0443\u043a\u0438, , \u0417\u0430\u0440\u0435\u0433\u0438\u0441\u0442\u0440\u0438\u0440\u043e\u0432\u0430\u043d \u0424\u0435\u0434\u0435\u0440\u0430\u043b\u044c\u043d\u043e\u0439 \u0441\u043b\u0443\u0436\u0431\u043e\u0439 \u043f\u043e \u043d\u0430\u0434\u0437\u043e\u0440\u0443 \u0432 \u0441\u0444\u0435\u0440\u0435 \u0441\u0432\u044f\u0437\u0438, \u0438\u043d\u0444\u043e\u0440\u043c\u0430\u0446\u0438\u043e\u043d\u043d\u044b\u0445 \u0442\u0435\u0445\u043d\u043e\u043b\u043e\u0433\u0438\u0439 \u0438 \u043c\u0430\u0441\u0441\u043e\u0432\u044b\u0445 \u043a\u043e\u043c\u043c\u0443\u043d\u0438\u043a\u0430\u0446\u0438\u0438 \u043f\u043e\u0434 \u043d\u043e\u043c\u0435\u0440\u043e\u043c \u041f\u0418 \u2116 \u0424\u042177-61596 \u043e\u0442 30.04.2015. Moskva-2022, \u2116 3-2, s\u0259h.67-69. \u0130SSN 2410-700X<\/p>\n\n\n\n<p>\u201c\u0421\u043e\u0446\u0438\u0430\u043b\u044a\u043d\u044b\u0439 \u0440\u0430\u0431\u043e\u0442\u043d\u0438\u043a \u043a\u0430\u043a \u0433\u0430\u0440\u0430\u043d\u0442 \u0433\u0440\u0430\u0436\u0434\u0430\u043d\u0441\u043a\u043e\u0439 \u0431\u0435\u0437\u043e\u043f\u0430\u0441\u043d\u043e\u0441\u0442\u0438 \u0438 \u0431\u043b\u0430\u0433\u043e\u043f\u043e\u043b\u0443\u0447\u0438\u044f\u201d Modern Humanities Success\/\u0423\u0441\u043f\u0435\u0445\u0438 \u0433\u0443\u043c\u0430\u043d\u0438\u0442\u0430\u0440\u043d\u044b\u0445 \u043d\u0430\u0443\u043a, 2022, \u211612, s\u0259h.115-119, ISSN 2618-7175 (online), <strong>E-<\/strong><strong>mail:<\/strong>info@mhs-journal.ru, <strong>\u0421\u0430\u0439\u0442: <\/strong><a href=\"http:\/\/mhs-journal.ru\">http:\/\/mhs-journal.ru<\/a><\/p>\n\n\n\n<p>\u201cAz\u0259rbaycan\u00e7\u0131l\u0131q ideologiyas\u0131n\u0131n yaranmas\u0131nda Heyd\u0259r \u018fliyevin xidm\u0259tl\u0259ri\u201d\/\/ Sumqay\u0131t D\u00f6vl\u0259t Universiteti&nbsp; Heyd\u0259r \u018fliyevin anadan olmas\u0131n\u0131n 95-ci il d\u00f6n\u00fcm\u00fcn\u0259 h\u0259sr olunmu\u015f \u201cHeyd\u0259r \u018fliyev Az\u0259rbaycan D\u00f6vl\u0259t\u00e7iliyinin memar\u0131d\u0131r \u201d Respublika elmi konfrans 04 may 2018, s\u0259h.40-42<\/p>\n\n\n\n<p>\u201c\u0130r\u0259van quberniyas\u0131nda erm\u0259ni v\u0259h\u015filikl\u0259rinin qar\u015f\u0131s\u0131n\u0131n al\u0131nmas\u0131nda Qafqaz \u0130slam Ordusunun&nbsp; rolu\u201d\/\/ Az\u0259rbaycan D\u00f6vl\u0259t Aqrar Universiteti. \u201cAz\u0259rbaycan Xalq C\u00fcmhuriyy\u0259ti \u015e\u0259rqin ilk demokratik d\u00f6vl\u0259tidir\u201d Az\u0259rbaycan Xalq C\u00fcmhuriyy\u0259tinin 100 illik yubileyin\u0259 h\u0259sr olunmu\u015f Elmi konfrans material &#8211; G\u0259nc\u0259, (23-24 may) &nbsp;2018, s 276-280<\/p>\n\n\n\n<p>&nbsp; \u201c\u0425\u0425 \u0259srin \u0259vv\u0259ll\u0259rind\u0259 \u0410z\u0259rb\u0430yc\u0430n T\u00fcrkiy\u0259&nbsp; m\u0259d\u0259ni&nbsp; \u0259l\u0430q\u0259l\u0259ri\u201d\/\/ GDU. G\u0259nc aliml\u0259rin III&nbsp; Beyn\u0259lxalq Elmi konfrans\u0131 I hiss, 2018, s\u0259h.71-74<\/p>\n\n\n\n<p>&nbsp; \u201cS\u0259f\u0259vil\u0259r d\u00f6vl\u0259tinin \u00f6yr\u0259nilm\u0259si tarixinin tarix\u015f\u00fcnasl\u0131\u011f\u0131\u201d\/\/ GDU. G\u0259nc aliml\u0259rin IV Beyn\u0259lxalq Elmi konfrans\u0131 2019, s\u0259h.32-36<\/p>\n\n\n\n<p>\u201c\u0412\u043b\u0438\u044f\u043d\u0438\u0435 \u0412\u043d\u0435\u0430\u0443\u0434\u0438\u0442\u043e\u0440\u043d\u044b\u0445 \u0423\u0447\u0435\u0431\u043d\u043e-\u0412\u043e\u0441\u043f\u0438\u0442\u0430\u0442\u0435\u043b\u044c\u043d\u044b\u0445 \u0420\u0430\u0431\u043e\u0442\u043d\u0430 \u041f\u043e\u0434\u0433\u043e\u0442\u043e\u0432\u043a\u0443 \u0421\u043f\u0435\u0446\u0438\u0430\u043b\u0438\u0441\u0442\u043e\u0432\u201d \/\/ VIII \u041c\u0435\u0436\u0434\u0443\u043d\u0430\u0440\u043e\u0434\u043d\u0430\u044f \u043a\u043e\u043d\u0444\u0435\u0440\u0435\u043d\u0446\u0438\u044f \u00ab\u041b\u0435\u0442\u043d\u0438\u0435 \u043d\u0430\u0443\u0447\u043d\u044b\u0435 \u0447\u0442\u0435\u043d\u0438\u0439\u00bb \u0433. \u041a\u0438\u0435\u0432. 31 iyul 2020, s\u0259h.65-70<\/p>\n\n\n\n<p>&nbsp; \u201cQa\u00e7q\u0131n v\u0259 m\u0259cburi k\u00f6\u00e7k\u00fcnl\u0259rin sosial-iqtisadi probleml\u0259rin h\u0259llind\u0259 \u00dcmummilli Lider Heyd\u0259r \u018fliyevin rolu\u201d\/\/ Az\u0259rbaycan Dill\u0259r Universiteti \u00dcmummilli lider Heyd\u0259r \u018fliyevin anadan olmas\u0131n\u0131n 98-ci ild\u00f6n\u00fcm\u00fcn\u0259 h\u0259sr olunmu\u015f \u201cHeyd\u0259r \u018fliyev v\u0259 \u015eanl\u0131 Az\u0259rbaycan\u201d adl\u0131 Respublika t\u0259l\u0259b\u0259-\u015fagird elmi konfrans m\u0259ruz\u0259l\u0259rinin tezisl\u0259ri. Bak\u0131, M\u00fcrt\u0259cim, 18 may 2021, s\u0259h.92-93<\/p>\n\n\n\n<p>&nbsp; \u201cD\u00fcnyada v\u0259 Az\u0259rbaycanda qa\u00e7q\u0131n v\u0259 m\u0259cburi k\u00f6\u00e7k\u00fcnl\u0259rin sosial -iqtisadi probleml\u0259ri\u201d\/\/ L\u0259nk\u0259ran D\u00f6vl\u0259t Universiteti. \u00dcmummilli lider Heyd\u0259r \u018fliyevin anadan olmas\u0131n\u0131n 98-ci ild\u00f6n\u00fcm\u00fcn\u0259 h\u0259sr olunmu\u015f \u201cAz\u0259rbaycanda xalq, d\u00f6vl\u0259t v\u0259 ordu birliyinin g\u00fc\u00e7\u00fc\u201d adl\u0131 onlayn Respublika elmi &nbsp;konfrans\u0131n materiallar\u0131. L\u0259nk\u0259ran. 7 may &nbsp;2021, s\u0259h.217-218<\/p>\n\n\n\n<p>&nbsp; \u201cAz\u0259rbaycanda Qa\u00e7q\u0131n v\u0259 M\u0259cburi k\u00f6\u00e7k\u00fcnl\u0259rin probleml\u0259rinin h\u0259llind\u0259 Beyn\u0259lxalq \u0259m\u0259kda\u015fl\u0131\u011f\u0131n rolu\u201d\/\/ VIII Uluslararas\u0131 T\u00fcrk d\u00fcnyas\u0131 Ara\u015fd\u0131rmalar sempozyumu.&nbsp; Ni\u011fde, 02-05 Haz\u0131ran&nbsp; 2021, 3 cild, s\u0259h.241-246<\/p>\n\n\n\n<p>&nbsp; \u201c\u0412\u043e\u0441\u043f\u0440\u0438\u044f\u0442\u0438\u0435 \u00ab\u0440\u0430\u0432\u0435\u043d\u0441\u0442\u0432\u0430\u00bb \u0441 \u0442\u043e\u0447\u043a\u0438 \u0437\u0440\u0435\u043d\u0438\u044f\u201d\/\/ The 1 st International scientific and practical conference \u201cEurasian scientific discussions\u201d Barca Academy Publishing, Barcelona, Spain. 2022. 582 p. 2022 (13-15 fevral), s\u0259h.383-389<\/p>\n\n\n\n<p>&nbsp; \u201c\u00dcmumimilli lider Heyd\u0259r \u018fliyev v\u0259 G\u0259nc\u0259d\u0259 m\u0259d\u0259ni-m\u0259n\u0259vi d\u0259y\u0259rl\u0259rin inki\u015faf\u0131\u201d \/\/ Ming\u0259\u00e7evir D\u00f6vl\u0259t Universiteti. \u00dcmummilli lider Heyd\u0259r \u018fliyevin anadan olmas\u0131n\u0131n 99-c\u0131 ild\u00f6n\u00fcm\u00fcn\u0259 h\u0259sr olunan \u201cHeyd\u0259r \u018fliyev d\u00fchas\u0131 v\u0259 m\u00fcasir Az\u0259rbaycan\u201d m\u00f6vzusunda elmi-n\u0259z\u0259ri konfrans materiallar\u0131- 4-5may &nbsp;2022-ci il, s\u0259h.117-119<\/p>\n\n\n\n<p>&#8220;Historical forms of the organization of science form the point of view of&#8221; metodik&nbsp; v\u0259sait <strong>World trends in the use of interactive technologies in education. <\/strong>International collective monograph. Intellebence Transportation System And Smart City Institute (ITSSCI). Lima, Peru, 463 p. 2024, s\u0259h. 7-24 ISBN 978-612-30-4733-8<\/p>\n\n\n\n<p>&#8220;Sk\u0131lls and ab\u0131l\u0131t\u0131es that will be formed by means of teaching students in the process of learning sosia work&#8221; <strong>The journal is registered and published in Czech Respublic\/ articles in all spheres of sciences are published in the journal<\/strong>. 2024, \u2116145, s\u0259h. 56-59<\/p>\n\n\n\n<p>&#8220;\u0421\u043e\u0432\u0440\u0435\u043c\u0435\u043d\u043d\u044b\u0435 \u043f\u043e\u0434\u0445\u043e\u0434\u044b \u043a \u043c\u0435\u0442\u043e\u0434\u043e\u043b\u043e\u0433\u0438\u0438 \u043f\u0440\u0435\u043f\u043e\u0434\u0430\u0432\u0430\u043d\u0438\u044f \u0441\u043e\u0446\u0438\u0430\u043b\u044c\u043d\u043e\u0439 \u0440\u0430\u0431\u043e\u0442\u044b \u0432 \u0443\u043d\u0438\u0432\u0435\u0440\u0441\u0438\u0442\u0435\u0442\u0430\u0445&#8221; \u041f\u0435\u0440\u0441\u043f\u0435\u043a\u0442\u0438\u0432\u043d\u044b\u0435 \u043f\u0440\u0438\u043a\u043b\u0430\u0434\u043d\u044b\u0435 \u0438\u0441\u0441\u043b\u0435\u0434\u043e\u0432\u0430\u043d\u0438\u044f \u0438 \u0438\u043d\u043d\u043e\u0432\u0430\u0446\u0438\u0438: \u0441\u0431\u043e\u0440\u043d\u0438\u043a \u0441\u0442\u0430\u0442\u0435\u0439 \u043c\u0435\u0436\u0434\u0443\u043d\u0430\u0440\u043e\u0434\u043d\u043e\u0439 \u043d\u0430\u0443\u0447\u043d\u043e\u0439 \u043a\u043e\u043d\u0444\u0435\u0440\u0435\u043d\u0446\u0438\u0438 (\u0421\u0430\u043d\u043a\u0442-\u041f\u0435\u0442\u0435\u0440\u0431\u0443\u0440\u0433, \u041d\u043e\u044f\u0431\u0440\u044c 2024).&nbsp; \u0421\u041f\u0431.: \u041c\u0418\u041f\u0418 \u0438\u043c.\u041b\u043e\u043c\u043e\u043d\u043e\u0441\u043e\u0432\u0430, 88 \u0441., 12 noyabr2024, s\u0259h. 33-36,  <strong>ISBN <\/strong>978-5-00234-161-0 <strong>DOI <\/strong>10.58351\/241112.2024.85.41.001<\/p>\n\n\n\n<p>\u201cT\u0259dris v\u0259 t\u0259dqiqat prosesind\u0259 innovasiyalar\u201d Ming\u0259\u00e7evir D\u00f6vl\u0259t Universiteti. \u201cYeni d\u00f6vrd\u0259 t\u0259hsil v\u0259 t\u0259dqiqat f\u0259aliyy\u0259ti: reall\u0131qlar v\u0259 \u00e7agr\u0131\u015flar\u201d II Beyn\u0259lxlaq elmi konfrans, 13-14 dekabr, 2024, s\u0259h.257-259<\/p>\n\n\n\n<p><strong>BEYNALXALQ V\u018f RESPUBL\u0130KA S\u0130MPOZ\u0130UM V\u018f KONFRANSLARDA \u0130\u015eT\u0130RAKI:<\/strong><\/p>\n\n\n\n<p class=\"has-black-color has-text-color\">Az\u0259rbaycan Respublikas\u0131nda, el\u0259c\u0259 d\u0259 \u00f6lk\u0259 h\u00fcdudlar\u0131ndan k\u0259narda ke\u00e7irilmi\u015f beyn\u0259lxalq v\u0259 respublika elmi konfranslarda i\u015ftirak etmi\u015fdir.<\/p>\n<\/div><\/div>\n","protected":false},"excerpt":{"rendered":"<p>Pedaqogika \u00fczr\u0259 f\u0259ls\u0259f\u0259 doktoru, dosent (attestats\u0131z) Tel: 050-504-98-49 E-mail: azercelilov80@gmail.com QISA B\u0130OQRAF\u0130K M\u018fLUMAT 1980-ci il&nbsp; avqustun 22-d\u0259 Az\u0259rbaycan Respublikas\u0131n\u0131n G\u0259nc\u0259 \u015f\u0259h\u0259rind\u0259 anadan olmu\u015fdur. 1987-1997-ci ill\u0259rd\u0259 G\u0259nc\u0259 \u015f\u0259h\u0259ri C\u0259f\u0259r Cabbarl\u0131 ad\u0131na 6 sayl\u0131 tam orta m\u0259kt\u0259bind\u0259 oxumu\u015fdur. T\u018fHS\u0130L\u0130 v\u0259 ELM\u0130 D\u018fR\u018fC\u018f ADLARI 2001-ci ild\u0259 G\u0259nc\u0259 D\u00f6vl\u0259t Universitetinin&nbsp; Tarix fak\u00fclt\u0259sini bitirmi\u015fdir. 2003-ci ild\u0259 GDU-nun \u201cAz\u0259rbaycan\u0131n yeni v\u0259 [&hellip;]<\/p>\n","protected":false},"author":1,"featured_media":2968,"parent":0,"menu_order":0,"comment_status":"closed","ping_status":"closed","template":"","meta":{"footnotes":""},"categories":[37],"tags":[],"class_list":["post-2953","page","type-page","status-publish","has-post-thumbnail","hentry","category-sosial-fnnlr-kadrlar"],"_links":{"self":[{"href":"https:\/\/tcf.gdu.edu.az\/index.php?rest_route=\/wp\/v2\/pages\/2953","targetHints":{"allow":["GET"]}}],"collection":[{"href":"https:\/\/tcf.gdu.edu.az\/index.php?rest_route=\/wp\/v2\/pages"}],"about":[{"href":"https:\/\/tcf.gdu.edu.az\/index.php?rest_route=\/wp\/v2\/types\/page"}],"author":[{"embeddable":true,"href":"https:\/\/tcf.gdu.edu.az\/index.php?rest_route=\/wp\/v2\/users\/1"}],"replies":[{"embeddable":true,"href":"https:\/\/tcf.gdu.edu.az\/index.php?rest_route=%2Fwp%2Fv2%2Fcomments&post=2953"}],"version-history":[{"count":5,"href":"https:\/\/tcf.gdu.edu.az\/index.php?rest_route=\/wp\/v2\/pages\/2953\/revisions"}],"predecessor-version":[{"id":5131,"href":"https:\/\/tcf.gdu.edu.az\/index.php?rest_route=\/wp\/v2\/pages\/2953\/revisions\/5131"}],"wp:featuredmedia":[{"embeddable":true,"href":"https:\/\/tcf.gdu.edu.az\/index.php?rest_route=\/wp\/v2\/media\/2968"}],"wp:attachment":[{"href":"https:\/\/tcf.gdu.edu.az\/index.php?rest_route=%2Fwp%2Fv2%2Fmedia&parent=2953"}],"wp:term":[{"taxonomy":"category","embeddable":true,"href":"https:\/\/tcf.gdu.edu.az\/index.php?rest_route=%2Fwp%2Fv2%2Fcategories&post=2953"},{"taxonomy":"post_tag","embeddable":true,"href":"https:\/\/tcf.gdu.edu.az\/index.php?rest_route=%2Fwp%2Fv2%2Ftags&post=2953"}],"curies":[{"name":"wp","href":"https:\/\/api.w.org\/{rel}","templated":true}]}}