{"id":2960,"date":"2023-04-12T10:30:00","date_gmt":"2023-04-12T08:30:00","guid":{"rendered":"https:\/\/tcf.gdu.edu.az\/?page_id=2960"},"modified":"2023-04-12T10:29:52","modified_gmt":"2023-04-12T08:29:52","slug":"ramazanova-q%c9%99r%c9%99nfil-%c9%99hm%c9%99d-qizi","status":"publish","type":"page","link":"https:\/\/tcf.gdu.edu.az\/?page_id=2960","title":{"rendered":"RAMAZANOVA Q\u018fR\u018fNFIL \u018fHM\u018fD QIZI"},"content":{"rendered":"\n<figure class=\"wp-block-image size-full\"><a href=\"https:\/\/tcf.gdu.edu.az\/wp-content\/uploads\/2023\/04\/Qerenfil-Ramazanova.jpg\"><img loading=\"lazy\" decoding=\"async\" width=\"354\" height=\"472\" src=\"https:\/\/tcf.gdu.edu.az\/wp-content\/uploads\/2023\/04\/Qerenfil-Ramazanova.jpg\" alt=\"\" class=\"wp-image-2961\" srcset=\"https:\/\/tcf.gdu.edu.az\/wp-content\/uploads\/2023\/04\/Qerenfil-Ramazanova.jpg 354w, https:\/\/tcf.gdu.edu.az\/wp-content\/uploads\/2023\/04\/Qerenfil-Ramazanova-225x300.jpg 225w\" sizes=\"auto, (max-width: 354px) 100vw, 354px\" \/><\/a><\/figure>\n\n\n\n<div class=\"wp-block-group has-black-color has-text-color\" style=\"font-size:14px\"><div class=\"wp-block-group__inner-container is-layout-constrained wp-block-group-is-layout-constrained\">\n<p>G\u0259nc\u0259 D\u00f6vl\u0259t Universitetin Sosial f\u0259nl\u0259r kafedras\u0131n\u0131n ba\u015f m\u00fc\u0259llimi<\/p>\n\n\n\n<p>Tel : (051)&nbsp;912-20-22<\/p>\n\n\n\n<p>E-mail:<\/p>\n\n\n\n<p><strong>QISA B\u0130OQRAF\u0130K M\u018fLUMAT<\/strong><\/p>\n\n\n\n<ul class=\"wp-block-list\">\n<li>03.11.1957- ci ild\u0259 O\u011fuz rayonunun Xa\u00e7maz k\u0259ndind\u0259 anadan olmu\u015fdur.<\/li>\n<\/ul>\n\n\n\n<p><strong>T\u018fHS\u0130L&nbsp; V\u018f ELM\u0130 &nbsp;D\u018fR\u018fC\u018f V\u018f ELM\u0130 ADLARI<\/strong><\/p>\n\n\n\n<ul class=\"wp-block-list\">\n<li>1976- 1983-c\u00fc ill\u0259rd\u0259 indiki Bak\u0131 D\u00f6vl\u0259t Universitetinin Filologiya fakult\u0259sind\u0259 t\u0259hsil al\u0131b.<\/li>\n<\/ul>\n\n\n\n<p><strong>\u018fM\u018fK&nbsp; F\u018fAL\u0130YY\u018fT\u0130<\/strong><\/p>\n\n\n\n<ul class=\"wp-block-list\">\n<li>1989-cu&nbsp; ild\u0259n&nbsp;&nbsp; G\u0259nc\u0259&nbsp;&nbsp; D\u00f6vl\u0259t&nbsp;&nbsp; Universitetind\u0259 \u201c Y\u00fcks\u0259li\u015f\u201c&nbsp; q\u0259zetinin \u0259m\u0259kda\u015f\u0131 kimi \u00e7al\u0131\u015fm\u0131\u015fd\u0131r.<\/li>\n\n\n\n<li>1991- ci ild\u0259n Az\u0259rbaycan Jurnalistl\u0259r Birliyinin \u00fczv\u00fcd\u00fcr.<\/li>\n\n\n\n<li>Haz\u0131rda G\u0259nc\u0259 D\u00f6vl\u0259t Universitetinin Sosial f\u0259nl\u0259r Kafedras\u0131nda ba\u015f m\u00fc\u0259llim i\u015fl\u0259yir.<\/li>\n\n\n\n<li>Bakalavr pill\u0259sind\u0259 Sosiologiya, F\u0259ls\u0259f\u0259, Sosial i\u015f t\u0259cr\u00fcb\u0259sind\u0259 etik prinsipl\u0259r, Gender\u0259 giri\u015f&nbsp; f\u0259nnl\u0259rini v\u0259 magistratura \u015f\u00f6b\u0259sind\u0259 seminar m\u0259\u015f\u011f\u0259l\u0259l\u0259ri apar\u0131r.<\/li>\n\n\n\n<li>\u201c8 mart Beyn\u0259lxalq Qad\u0131nlar g\u00fcn\u00fc\u201d m\u00fcnasib\u0259t il\u0259 G\u0259nc\u0259 D\u00f6vl\u0259t&nbsp; Universiteti rektorunun 02.03.2023-c\u00fc il tarixli 2\/31 \u0259mri il\u0259 F\u0259xri F\u0259rman il\u0259 t\u0259ltif olunmu\u015fdur.<\/li>\n\n\n\n<li>50-d\u0259n \u00e7ox b\u0259dii-publisistik, 20- y\u0259 yax\u0131n elmim\u0259qal\u0259nin m\u00fc\u0259lifidir.<\/li>\n<\/ul>\n\n\n\n<p><strong>ELM\u0130 M\u018fQAL\u018fL\u018fR\u0130<\/strong><\/p>\n\n\n\n<ul class=\"wp-block-list\">\n<li>\u201c\u0130slamda \u2013 \u201c Qurani K\u0259rim\u201dd\u0259 azadl\u0131q, demokratiya, m\u00fc\u0259llifl\u0259rin b\u0259rab\u0259rliyi m\u0259s\u0259l\u0259l\u0259ri\u201d\/\/Professor- m\u00fc\u0259lliml\u0259rin, aspirant v\u0259 g\u0259nc t\u0259qdqiqat\u00e7\u0131lar\u0131n elmi- t\u0259dqiqat v\u0259 yarad\u0131c\u0131l\u0131q i\u015fl\u0259rinin toplusu) \u21161 G\u0259nc\u0259 2009<\/li>\n\n\n\n<li>\u201c\u0130nc\u0259s\u0259n\u0259t \u2013 insan\u0131 m\u0259n\u0259vi kamilliy\u0259 qovu\u015fduran m\u00fch\u00fcm vasit\u0259dir\u201d\/\/ Professor- m\u00fc\u0259lliml\u0259rin, aspirant v\u0259 g\u0259nc t\u0259qdqiqat\u00e7\u0131lar\u0131n elmi- t\u0259dqiqat v\u0259 yarad\u0131c\u0131l\u0131q i\u015fl\u0259rinin toplusu) \u21161 G\u0259nc\u0259 2009<\/li>\n\n\n\n<li>\u201cBMT-nin \u0130nsan&nbsp; H\u00fcquqlar\u0131 B\u0259yannam\u0259si tarixin z\u0259rur\u0259ti&nbsp; idi\u201d\/\/G\u0259nc\u0259 D\u00f6vl\u0259t Universiteti &nbsp;Elmi x\u0259b\u0259rl\u0259r. \u2116 3.G\u0259nc\u0259 2011<\/li>\n\n\n\n<li>\u201cQ\u0259dim d\u00fcnyan\u0131n ilk demokratlar\u0131\u201d\/\/G\u0259nc\u0259 D\u00f6vl\u0259t Universiteti. Elmi X\u0259b\u0259rl\u0259r, \u2116 3. G\u0259nc\u0259 2011<\/li>\n\n\n\n<li>\u201cM.F.Axundov XIX \u0259srin b\u00f6y\u00fck az\u0259rbaycanl\u0131, maarif\u015fi demokrat\u0131\u201d\/\/ G\u0259nc\u0259 D\u00f6vl\u0259t Universiteti. Elmi x\u0259b\u0259rl\u0259r 2012<\/li>\n\n\n\n<li>\u201cM\u0259d\u0259niyy\u0259tl\u0259raras\u0131 \u0259laq\u0259 v\u0259 H.\u018fliyev elmi irsi\u201d\/\/(H.\u018fliyev M\u00fcst\u0259qil Az\u0259rbaycan D\u00f6vl\u0259tinin qurucisi, memar\u0131d\u0131r) konfrans materiallar\u0131.II hiss\u0259. G\u0259nc\u0259 2013.<\/li>\n\n\n\n<li>\u201cXocal\u0131 qisas\u0131m\u0131z- haqq i\u015fimiz, namus qeyr\u0259t sava\u015f\u0131m\u0131z. Xocal\u0131 soyq\u0131r\u0131m\u0131\u201d\/\/ (m\u0259qal\u0259l\u0259r toplusu). G\u0259nc\u0259 D\u00f6vl\u0259t Universitetinin Elmi \u015euras\u0131n\u0131n 22.12.2014- c\u00fc il tarixli 3 sayl\u0131 q\u0259rar\u0131 il\u0259 \u00e7ap olunur. G\u0259nc\u0259 2015.<\/li>\n\n\n\n<li>\u201cV\u0259t\u0259nda\u015f v\u0259 v\u0259t\u0259nda\u015f c\u0259miyy\u0259ti\u201d\/\/G\u0259nc\u0259 D\u00f6vl\u0259t Universiteti Fundamental, humanitar v\u0259 t\u0259bi\u0259t elml\u0259ri seriyas\u0131 \u2116 2 G\u0259nc\u0259 -2016 s\u0259h 145-147<\/li>\n\n\n\n<li>&nbsp;\u201c\u0130deologiya v\u0259 siyas\u0259t haqq\u0131nda\u201d\/\/ G\u0259nc\u0259 D\u00f6vl\u0259t Universiteti Fundamental, humanitar v\u0259 t\u0259bi\u0259t elml\u0259ri seriyas\u0131, \u2116 2, G\u0259nc\u0259- 2016 s\u0259h147-149<\/li>\n\n\n\n<li>\u201cTarixi prosesl\u0259rd\u0259 xalq k\u00fctl\u0259l\u0259rinin rolu\u201d\/\/ G\u0259nc\u0259 D\u00f6vl\u0259t Universiteti. Elmi x\u0259b\u0259rl\u0259r,&nbsp; G\u0259nc\u0259-2017 \u2116 3, s\u0259h 71-74<\/li>\n\n\n\n<li>\u201cM\u00fcasir d\u00fcnyan\u0131n qlobal probleml\u0259ri\u201d\/\/ G\u0259nc\u0259 D\u00f6vl\u0259t Universiteti Elmi x\u0259b\u0259rl\u0259r&nbsp; G\u0259nc\u0259 -2017, \u2116 3, s\u0259h 77-80<\/li>\n\n\n\n<li>\u201cAz\u0259rbaycan Xalq C\u00fcmhuriyy\u0259ti \u015e\u0259rqin ilk demokratik d\u00f6vl\u0259tidir\u201d\/\/ Az\u0259rbaycan Xalq C\u00fcmhuriyy\u0259tinin yaranmas\u0131n\u0131n 100 illik yubileyin\u0259 h\u0259sr olunmu\u015f Elmi Konfrans\u0131n materiallar\u0131. G\u0259nc\u0259 2018, 23-24 may s\u0259h.76-80<\/li>\n\n\n\n<li>\u201cAz\u0259rbaycan D\u00f6vl\u0259tinin xarici siyas\u0259tinin formala\u015fmas\u0131nda Heyd\u0259r \u018fliyevin rolu\u201d\/\/ Heyd\u0259r \u018fliyevAz\u0259rbaycan D\u00f6vl\u0259t\u00e7iliyinin memar\u0131d\u0131r. Respublika Elmi konfrans\u0131n\u0131n materiallar\u0131. Sumqay\u0131t 4 may 2018 s\u0259h 326-327<\/li>\n<\/ul>\n<\/div><\/div>\n","protected":false},"excerpt":{"rendered":"<p>G\u0259nc\u0259 D\u00f6vl\u0259t Universitetin Sosial f\u0259nl\u0259r kafedras\u0131n\u0131n ba\u015f m\u00fc\u0259llimi Tel : (051)&nbsp;912-20-22 E-mail: QISA B\u0130OQRAF\u0130K M\u018fLUMAT T\u018fHS\u0130L&nbsp; V\u018f ELM\u0130 &nbsp;D\u018fR\u018fC\u018f V\u018f ELM\u0130 ADLARI \u018fM\u018fK&nbsp; F\u018fAL\u0130YY\u018fT\u0130 ELM\u0130 M\u018fQAL\u018fL\u018fR\u0130<\/p>\n","protected":false},"author":1,"featured_media":2969,"parent":0,"menu_order":0,"comment_status":"closed","ping_status":"closed","template":"","meta":{"footnotes":""},"categories":[37],"tags":[],"class_list":["post-2960","page","type-page","status-publish","has-post-thumbnail","hentry","category-sosial-fnnlr-kadrlar"],"_links":{"self":[{"href":"https:\/\/tcf.gdu.edu.az\/index.php?rest_route=\/wp\/v2\/pages\/2960","targetHints":{"allow":["GET"]}}],"collection":[{"href":"https:\/\/tcf.gdu.edu.az\/index.php?rest_route=\/wp\/v2\/pages"}],"about":[{"href":"https:\/\/tcf.gdu.edu.az\/index.php?rest_route=\/wp\/v2\/types\/page"}],"author":[{"embeddable":true,"href":"https:\/\/tcf.gdu.edu.az\/index.php?rest_route=\/wp\/v2\/users\/1"}],"replies":[{"embeddable":true,"href":"https:\/\/tcf.gdu.edu.az\/index.php?rest_route=%2Fwp%2Fv2%2Fcomments&post=2960"}],"version-history":[{"count":1,"href":"https:\/\/tcf.gdu.edu.az\/index.php?rest_route=\/wp\/v2\/pages\/2960\/revisions"}],"predecessor-version":[{"id":2962,"href":"https:\/\/tcf.gdu.edu.az\/index.php?rest_route=\/wp\/v2\/pages\/2960\/revisions\/2962"}],"wp:featuredmedia":[{"embeddable":true,"href":"https:\/\/tcf.gdu.edu.az\/index.php?rest_route=\/wp\/v2\/media\/2969"}],"wp:attachment":[{"href":"https:\/\/tcf.gdu.edu.az\/index.php?rest_route=%2Fwp%2Fv2%2Fmedia&parent=2960"}],"wp:term":[{"taxonomy":"category","embeddable":true,"href":"https:\/\/tcf.gdu.edu.az\/index.php?rest_route=%2Fwp%2Fv2%2Fcategories&post=2960"},{"taxonomy":"post_tag","embeddable":true,"href":"https:\/\/tcf.gdu.edu.az\/index.php?rest_route=%2Fwp%2Fv2%2Ftags&post=2960"}],"curies":[{"name":"wp","href":"https:\/\/api.w.org\/{rel}","templated":true}]}}

RAMAZANOVA QƏRƏNFIL ƏHMƏD QIZI

<figure class="wp-block-image size-full"><a href="https://tcf.gdu.edu.az/wp-content/uploads/2023/04/Qerenfil-Ramazanova.jpg"><img loading="lazy" decoding="async" width="354" height="472" src="https://tcf.gdu.edu.az/wp-content/uploads/2023/04/Qerenfil-Ramazanova.jpg" alt="" class="wp-image-2961" srcset="https://tcf.gdu.edu.az/wp-content/uploads/2023/04/Qerenfil-Ramazanova.jpg 354w, https://tcf.gdu.edu.az/wp-content/uploads/2023/04/Qerenfil-Ramazanova-225x300.jpg 225w" sizes="auto, (max-width: 354px) 100vw, 354px" /></a></figure>



<div class="wp-block-group has-black-color has-text-color" style="font-size:14px"><div class="wp-block-group__inner-container is-layout-constrained wp-block-group-is-layout-constrained">
<p>Gəncə Dövlət Universitetin Sosial fənlər kafedrasının baş müəllimi</p>



<p>Tel : (051)&nbsp;912-20-22</p>



<p>E-mail:</p>



<p><strong>QISA BİOQRAFİK MƏLUMAT</strong></p>



<ul class="wp-block-list">
<li>03.11.1957- ci ildə Oğuz rayonunun Xaçmaz kəndində anadan olmuşdur.</li>
</ul>



<p><strong>TƏHSİL&nbsp; VƏ ELMİ &nbsp;DƏRƏCƏ VƏ ELMİ ADLARI</strong></p>



<ul class="wp-block-list">
<li>1976- 1983-cü illərdə indiki Bakı Dövlət Universitetinin Filologiya fakultəsində təhsil alıb.</li>
</ul>



<p><strong>ƏMƏK&nbsp; FƏALİYYƏTİ</strong></p>



<ul class="wp-block-list">
<li>1989-cu&nbsp; ildən&nbsp;&nbsp; Gəncə&nbsp;&nbsp; Dövlət&nbsp;&nbsp; Universitetində “ Yüksəliş“&nbsp; qəzetinin əməkdaşı kimi çalışmışdır.</li>



<li>1991- ci ildən Azərbaycan Jurnalistlər Birliyinin üzvüdür.</li>



<li>Hazırda Gəncə Dövlət Universitetinin Sosial fənlər Kafedrasında baş müəllim işləyir.</li>



<li>Bakalavr pilləsində Sosiologiya, Fəlsəfə, Sosial iş təcrübəsində etik prinsiplər, Genderə giriş&nbsp; fənnlərini və magistratura şöbəsində seminar məşğələləri aparır.</li>



<li>“8 mart Beynəlxalq Qadınlar günü” münasibət ilə Gəncə Dövlət&nbsp; Universiteti rektorunun 02.03.2023-cü il tarixli 2/31 əmri ilə Fəxri Fərman ilə təltif olunmuşdur.</li>



<li>50-dən çox bədii-publisistik, 20- yə yaxın elmiməqalənin müəlifidir.</li>
</ul>



<p><strong>ELMİ MƏQALƏLƏRİ</strong></p>



<ul class="wp-block-list">
<li>“İslamda – “ Qurani Kərim”də azadlıq, demokratiya, müəlliflərin bərabərliyi məsələləri”//Professor- müəllimlərin, aspirant və gənc təqdqiqatçıların elmi- tədqiqat və yaradıcılıq işlərinin toplusu) №1 Gəncə 2009</li>



<li>“İncəsənət – insanı mənəvi kamilliyə qovuşduran mühüm vasitədir”// Professor- müəllimlərin, aspirant və gənc təqdqiqatçıların elmi- tədqiqat və yaradıcılıq işlərinin toplusu) №1 Gəncə 2009</li>



<li>“BMT-nin İnsan&nbsp; Hüquqları Bəyannaməsi tarixin zərurəti&nbsp; idi”//Gəncə Dövlət Universiteti &nbsp;Elmi xəbərlər. № 3.Gəncə 2011</li>



<li>“Qədim dünyanın ilk demokratları”//Gəncə Dövlət Universiteti. Elmi Xəbərlər, № 3. Gəncə 2011</li>



<li>“M.F.Axundov XIX əsrin böyük azərbaycanlı, maarifşi demokratı”// Gəncə Dövlət Universiteti. Elmi xəbərlər 2012</li>



<li>“Mədəniyyətlərarası əlaqə və H.Əliyev elmi irsi”//(H.Əliyev Müstəqil Azərbaycan Dövlətinin qurucisi, memarıdır) konfrans materialları.II hissə. Gəncə 2013.</li>



<li>“Xocalı qisasımız- haqq işimiz, namus qeyrət savaşımız. Xocalı soyqırımı”// (məqalələr toplusu). Gəncə Dövlət Universitetinin Elmi Şurasının 22.12.2014- cü il tarixli 3 saylı qərarı ilə çap olunur. Gəncə 2015.</li>



<li>“Vətəndaş və vətəndaş cəmiyyəti”//Gəncə Dövlət Universiteti Fundamental, humanitar və təbiət elmləri seriyası № 2 Gəncə -2016 səh 145-147</li>



<li>&nbsp;“İdeologiya və siyasət haqqında”// Gəncə Dövlət Universiteti Fundamental, humanitar və təbiət elmləri seriyası, № 2, Gəncə- 2016 səh147-149</li>



<li>“Tarixi proseslərdə xalq kütlələrinin rolu”// Gəncə Dövlət Universiteti. Elmi xəbərlər,&nbsp; Gəncə-2017 № 3, səh 71-74</li>



<li>“Müasir dünyanın qlobal problemləri”// Gəncə Dövlət Universiteti Elmi xəbərlər&nbsp; Gəncə -2017, № 3, səh 77-80</li>



<li>“Azərbaycan Xalq Cümhuriyyəti Şərqin ilk demokratik dövlətidir”// Azərbaycan Xalq Cümhuriyyətinin yaranmasının 100 illik yubileyinə həsr olunmuş Elmi Konfransın materialları. Gəncə 2018, 23-24 may səh.76-80</li>



<li>“Azərbaycan Dövlətinin xarici siyasətinin formalaşmasında Heydər Əliyevin rolu”// Heydər ƏliyevAzərbaycan Dövlətçiliyinin memarıdır. Respublika Elmi konfransının materialları. Sumqayıt 4 may 2018 səh 326-327</li>
</ul>
</div></div>

<p>Gəncə Dövlət Universitetin Sosial fənlər kafedrasının baş müəllimi Tel : (051)&nbsp;912-20-22 E-mail: QISA BİOQRAFİK MƏLUMAT TƏHSİL&nbsp; VƏ ELMİ &nbsp;DƏRƏCƏ VƏ ELMİ ADLARI ƏMƏK&nbsp; FƏALİYYƏTİ ELMİ MƏQALƏLƏRİ</p>
