{"id":2981,"date":"2023-04-12T09:25:05","date_gmt":"2023-04-12T07:25:05","guid":{"rendered":"https:\/\/tcf.gdu.edu.az\/?page_id=2981"},"modified":"2025-10-30T11:09:29","modified_gmt":"2025-10-30T09:09:29","slug":"m%c9%99mm%c9%99dova-sevinc-sari-qizi","status":"publish","type":"page","link":"https:\/\/tcf.gdu.edu.az\/?page_id=2981","title":{"rendered":"M\u018fMM\u018fDOVA SEV\u0130NC SARI QIZI"},"content":{"rendered":"\n<figure class=\"wp-block-image size-medium\"><a href=\"https:\/\/tcf.gdu.edu.az\/wp-content\/uploads\/2025\/10\/5a35b22a-79ec-4727-98d9-da18ca74ee7d.jpg\"><img loading=\"lazy\" decoding=\"async\" width=\"239\" height=\"300\" src=\"https:\/\/tcf.gdu.edu.az\/wp-content\/uploads\/2025\/10\/5a35b22a-79ec-4727-98d9-da18ca74ee7d-239x300.jpg\" alt=\"\" class=\"wp-image-4694\" srcset=\"https:\/\/tcf.gdu.edu.az\/wp-content\/uploads\/2025\/10\/5a35b22a-79ec-4727-98d9-da18ca74ee7d-239x300.jpg 239w, https:\/\/tcf.gdu.edu.az\/wp-content\/uploads\/2025\/10\/5a35b22a-79ec-4727-98d9-da18ca74ee7d-817x1024.jpg 817w, https:\/\/tcf.gdu.edu.az\/wp-content\/uploads\/2025\/10\/5a35b22a-79ec-4727-98d9-da18ca74ee7d-768x962.jpg 768w, https:\/\/tcf.gdu.edu.az\/wp-content\/uploads\/2025\/10\/5a35b22a-79ec-4727-98d9-da18ca74ee7d.jpg 946w\" sizes=\"auto, (max-width: 239px) 100vw, 239px\" \/><\/a><\/figure>\n\n\n\n<div class=\"wp-block-group has-black-color has-text-color\" style=\"font-size:14px\"><div class=\"wp-block-group__inner-container is-layout-constrained wp-block-group-is-layout-constrained\">\n<p>G\u0259nc\u0259 D\u00f6vl\u0259t Universitetin Sosial f\u0259nl\u0259r kafedras\u0131n\u0131n Kabin\u0259 m\u00fcdiri<\/p>\n\n\n\n<p><strong>QISA B\u0130OQRAF\u0130K M\u018fLUMAT<\/strong><\/p>\n\n\n\n<p>16.07.1986-c\u0131 ild\u0259 G\u0259nc\u0259 \u015f\u0259h\u0259rind\u0259 anadan olmu\u015fdur.<\/p>\n\n\n\n<p><strong>T\u018fHS\u0130L&nbsp;<\/strong><\/p>\n\n\n\n<p>2004-2008-ci ill\u0259rd\u0259 G\u0259nc\u0259 D\u00f6vl\u0259t Universitetinin \u0130qtisadiyyat v\u0259 \u0130dar\u0259etm\u0259 fak\u00fclt\u0259sind\u0259 t\u0259hsil alm\u0131\u015fd\u0131r.<\/p>\n\n\n\n<p><strong>\u018fM\u018fK&nbsp; F\u018fAL\u0130YY\u018fT\u0130<\/strong><\/p>\n\n\n\n<ul class=\"wp-block-list\">\n<li>2008-2009-c\u00fc ill\u0259rd\u0259 Az\u0259rbaycan Respublikas\u0131 Sahibkarlar (\u0130\u015f\u0259g\u00f6t\u00fcr\u0259nl\u0259r) Milli T\u0259\u015fkilatlar\u0131 Konfederasiyas\u0131n\u0131n G\u0259nc\u0259 Regional N\u00fcm\u0259y\u0259nd\u0259liyinin m\u00fchasibi kimi \u00e7al\u0131\u015fm\u0131\u015fd\u0131r.<\/li>\n\n\n\n<li>2009-2011-ci&nbsp; ill\u0259rd\u0259 G\u0259nc\u0259 \u015e\u0259h\u0259r Nizami Rayon \u0130cra Hakimiyy\u0259ti Ba\u015f\u00e7\u0131s\u0131 Aparat\u0131nda Q\u0259yyumluq v\u0259 Himay\u0259\u00e7ilik Komissiyas\u0131n\u0131n s\u0259dr k\u00f6m\u0259k\u00e7isi i\u015fl\u0259mi\u015fdir.<\/li>\n\n\n\n<li>2011-2012 ci ild\u0259 G\u0259nc\u0259 \u015e\u0259h\u0259r Nizami Rayon \u0130cra Hakimiyy\u0259ti Ba\u015f\u00e7\u0131s\u0131 Aparat\u0131n\u0131n Kadrlar \u00fczr\u0259 m\u00fcf\u0259tti\u015fi v\u0259zif\u0259sind\u0259 \u00e7al\u0131\u015fm\u0131\u015fd\u0131r.<\/li>\n\n\n\n<li>\u201cG\u0259nc\u0259 \u015f\u0259h\u0259ri Nizami rayonunun ictimai h\u0259yat\u0131nda f\u0259al i\u015ftirak etdiyin\u0259 g\u00f6r\u0259\u201d G\u0259nc\u0259 \u015f\u0259h\u0259ri Nizami rayonu \u0130cra Hakimiyy\u0259tinin ba\u015f\u00e7\u0131s\u0131 t\u0259r\u0259find\u0259n 30 dekabr 2011-ci il tarixli F\u0259xri F\u0259rman il\u0259 t\u0259ltif olunmu\u015fdur.<\/li>\n\n\n\n<li>2012-ci ild\u0259n hal-haz\u0131rad\u0259k G\u0259nc\u0259 D\u00f6vl\u0259t Universitetinin Sosial F\u0259nl\u0259r Kafedras\u0131nda Kabin\u0259 m\u00fcdiri v\u0259zif\u0259sind\u0259 \u00e7al\u0131\u015f\u0131r.<\/li>\n\n\n\n<li>\u201cG\u0259nc\u0259&nbsp; D\u00f6vl\u0259t Universitetinin 80 illik yubileyi\u201d m\u00fcnasib\u0259ti il\u0259 G\u0259nc\u0259 D\u00f6vl\u0259t Universiteti rektorunun 06 noyabr 2018-ci il tarixli 2\/158 sayl\u0131 \u0259mri il\u0259 F\u0259xri F\u0259rman il\u0259 t\u0259ltif olunmu\u015fdur.<\/li>\n<\/ul>\n<\/div><\/div>\n","protected":false},"excerpt":{"rendered":"<p>G\u0259nc\u0259 D\u00f6vl\u0259t Universitetin Sosial f\u0259nl\u0259r kafedras\u0131n\u0131n Kabin\u0259 m\u00fcdiri QISA B\u0130OQRAF\u0130K M\u018fLUMAT 16.07.1986-c\u0131 ild\u0259 G\u0259nc\u0259 \u015f\u0259h\u0259rind\u0259 anadan olmu\u015fdur. T\u018fHS\u0130L&nbsp; 2004-2008-ci ill\u0259rd\u0259 G\u0259nc\u0259 D\u00f6vl\u0259t Universitetinin \u0130qtisadiyyat v\u0259 \u0130dar\u0259etm\u0259 fak\u00fclt\u0259sind\u0259 t\u0259hsil alm\u0131\u015fd\u0131r. \u018fM\u018fK&nbsp; F\u018fAL\u0130YY\u018fT\u0130<\/p>\n","protected":false},"author":1,"featured_media":2982,"parent":0,"menu_order":0,"comment_status":"closed","ping_status":"closed","template":"","meta":{"footnotes":""},"categories":[37],"tags":[],"class_list":["post-2981","page","type-page","status-publish","has-post-thumbnail","hentry","category-sosial-fnnlr-kadrlar"],"_links":{"self":[{"href":"https:\/\/tcf.gdu.edu.az\/index.php?rest_route=\/wp\/v2\/pages\/2981","targetHints":{"allow":["GET"]}}],"collection":[{"href":"https:\/\/tcf.gdu.edu.az\/index.php?rest_route=\/wp\/v2\/pages"}],"about":[{"href":"https:\/\/tcf.gdu.edu.az\/index.php?rest_route=\/wp\/v2\/types\/page"}],"author":[{"embeddable":true,"href":"https:\/\/tcf.gdu.edu.az\/index.php?rest_route=\/wp\/v2\/users\/1"}],"replies":[{"embeddable":true,"href":"https:\/\/tcf.gdu.edu.az\/index.php?rest_route=%2Fwp%2Fv2%2Fcomments&post=2981"}],"version-history":[{"count":3,"href":"https:\/\/tcf.gdu.edu.az\/index.php?rest_route=\/wp\/v2\/pages\/2981\/revisions"}],"predecessor-version":[{"id":4696,"href":"https:\/\/tcf.gdu.edu.az\/index.php?rest_route=\/wp\/v2\/pages\/2981\/revisions\/4696"}],"wp:featuredmedia":[{"embeddable":true,"href":"https:\/\/tcf.gdu.edu.az\/index.php?rest_route=\/wp\/v2\/media\/2982"}],"wp:attachment":[{"href":"https:\/\/tcf.gdu.edu.az\/index.php?rest_route=%2Fwp%2Fv2%2Fmedia&parent=2981"}],"wp:term":[{"taxonomy":"category","embeddable":true,"href":"https:\/\/tcf.gdu.edu.az\/index.php?rest_route=%2Fwp%2Fv2%2Fcategories&post=2981"},{"taxonomy":"post_tag","embeddable":true,"href":"https:\/\/tcf.gdu.edu.az\/index.php?rest_route=%2Fwp%2Fv2%2Ftags&post=2981"}],"curies":[{"name":"wp","href":"https:\/\/api.w.org\/{rel}","templated":true}]}}

MƏMMƏDOVA SEVİNC SARI QIZI

<figure class="wp-block-image size-medium"><a href="https://tcf.gdu.edu.az/wp-content/uploads/2025/10/5a35b22a-79ec-4727-98d9-da18ca74ee7d.jpg"><img loading="lazy" decoding="async" width="239" height="300" src="https://tcf.gdu.edu.az/wp-content/uploads/2025/10/5a35b22a-79ec-4727-98d9-da18ca74ee7d-239x300.jpg" alt="" class="wp-image-4694" srcset="https://tcf.gdu.edu.az/wp-content/uploads/2025/10/5a35b22a-79ec-4727-98d9-da18ca74ee7d-239x300.jpg 239w, https://tcf.gdu.edu.az/wp-content/uploads/2025/10/5a35b22a-79ec-4727-98d9-da18ca74ee7d-817x1024.jpg 817w, https://tcf.gdu.edu.az/wp-content/uploads/2025/10/5a35b22a-79ec-4727-98d9-da18ca74ee7d-768x962.jpg 768w, https://tcf.gdu.edu.az/wp-content/uploads/2025/10/5a35b22a-79ec-4727-98d9-da18ca74ee7d.jpg 946w" sizes="auto, (max-width: 239px) 100vw, 239px" /></a></figure>



<div class="wp-block-group has-black-color has-text-color" style="font-size:14px"><div class="wp-block-group__inner-container is-layout-constrained wp-block-group-is-layout-constrained">
<p>Gəncə Dövlət Universitetin Sosial fənlər kafedrasının Kabinə müdiri</p>



<p><strong>QISA BİOQRAFİK MƏLUMAT</strong></p>



<p>16.07.1986-cı ildə Gəncə şəhərində anadan olmuşdur.</p>



<p><strong>TƏHSİL&nbsp;</strong></p>



<p>2004-2008-ci illərdə Gəncə Dövlət Universitetinin İqtisadiyyat və İdarəetmə fakültəsində təhsil almışdır.</p>



<p><strong>ƏMƏK&nbsp; FƏALİYYƏTİ</strong></p>



<ul class="wp-block-list">
<li>2008-2009-cü illərdə Azərbaycan Respublikası Sahibkarlar (İşəgötürənlər) Milli Təşkilatları Konfederasiyasının Gəncə Regional Nüməyəndəliyinin mühasibi kimi çalışmışdır.</li>



<li>2009-2011-ci&nbsp; illərdə Gəncə Şəhər Nizami Rayon İcra Hakimiyyəti Başçısı Aparatında Qəyyumluq və Himayəçilik Komissiyasının sədr köməkçisi işləmişdir.</li>



<li>2011-2012 ci ildə Gəncə Şəhər Nizami Rayon İcra Hakimiyyəti Başçısı Aparatının Kadrlar üzrə müfəttişi vəzifəsində çalışmışdır.</li>



<li>“Gəncə şəhəri Nizami rayonunun ictimai həyatında fəal iştirak etdiyinə görə” Gəncə şəhəri Nizami rayonu İcra Hakimiyyətinin başçısı tərəfindən 30 dekabr 2011-ci il tarixli Fəxri Fərman ilə təltif olunmuşdur.</li>



<li>2012-ci ildən hal-hazıradək Gəncə Dövlət Universitetinin Sosial Fənlər Kafedrasında Kabinə müdiri vəzifəsində çalışır.</li>



<li>“Gəncə&nbsp; Dövlət Universitetinin 80 illik yubileyi” münasibəti ilə Gəncə Dövlət Universiteti rektorunun 06 noyabr 2018-ci il tarixli 2/158 saylı əmri ilə Fəxri Fərman ilə təltif olunmuşdur.</li>
</ul>
</div></div>

<p>Gəncə Dövlət Universitetin Sosial fənlər kafedrasının Kabinə müdiri QISA BİOQRAFİK MƏLUMAT 16.07.1986-cı ildə Gəncə şəhərində anadan olmuşdur. TƏHSİL&nbsp; 2004-2008-ci illərdə Gəncə Dövlət Universitetinin İqtisadiyyat və İdarəetmə fakültəsində təhsil almışdır. ƏMƏK&nbsp; FƏALİYYƏTİ</p>
