{"id":2984,"date":"2023-04-12T09:28:00","date_gmt":"2023-04-12T07:28:00","guid":{"rendered":"https:\/\/tcf.gdu.edu.az\/?page_id=2984"},"modified":"2023-04-12T09:28:08","modified_gmt":"2023-04-12T07:28:08","slug":"tagizad%c9%99-m%c9%99l%c9%99k-fariz-qizi","status":"publish","type":"page","link":"https:\/\/tcf.gdu.edu.az\/?page_id=2984","title":{"rendered":"TA\u011eIZAD\u018f M\u018fL\u018fK FAR\u0130Z QIZI"},"content":{"rendered":"\n<figure class=\"wp-block-image size-full\"><a href=\"https:\/\/tcf.gdu.edu.az\/wp-content\/uploads\/2023\/04\/Malak-Tagizada.jpg\"><img loading=\"lazy\" decoding=\"async\" width=\"260\" height=\"347\" src=\"https:\/\/tcf.gdu.edu.az\/wp-content\/uploads\/2023\/04\/Malak-Tagizada.jpg\" alt=\"\" class=\"wp-image-2985\" srcset=\"https:\/\/tcf.gdu.edu.az\/wp-content\/uploads\/2023\/04\/Malak-Tagizada.jpg 260w, https:\/\/tcf.gdu.edu.az\/wp-content\/uploads\/2023\/04\/Malak-Tagizada-225x300.jpg 225w\" sizes=\"auto, (max-width: 260px) 100vw, 260px\" \/><\/a><\/figure>\n\n\n\n<div class=\"wp-block-group has-black-color has-text-color\" style=\"font-size:14px\"><div class=\"wp-block-group__inner-container is-layout-constrained wp-block-group-is-layout-constrained\">\n<p>G\u0259nc\u0259 D\u00f6vl\u0259t Universiteti Sosial f\u0259nl\u0259r kafedras\u0131n\u0131n m\u00fc\u0259llimi<\/p>\n\n\n\n<p>Tel: (010) 322-71-11<\/p>\n\n\n\n<p>E-mail: <a href=\"mailto:angel.hasanova@bk.ru\">angel.hasanova@bk.ru<\/a><\/p>\n\n\n\n<p><strong>QISA B\u0130OQRAF\u0130K M\u018fLUMAT<\/strong><\/p>\n\n\n\n<ul class=\"wp-block-list\">\n<li>19.02.1993-c\u00fc ild\u0259 G\u0259nc\u0259 \u015f\u0259h\u0259rind\u0259 anadan olmu\u015fdur.<\/li>\n<\/ul>\n\n\n\n<p><strong>T\u018fHS\u0130L V\u018f ELM\u0130 D\u018fR\u018fC\u018f V\u018f ELM\u0130 ADLARI<\/strong><\/p>\n\n\n\n<ul class=\"wp-block-list\">\n<li>2010-2015-ci ill\u0259rd\u0259 Bak\u0131 D\u00f6vl\u0259t Universitetinin Beynalxalq m\u00fcnasib\u0259tl\u0259r fakult\u0259sini bitirmi\u015fdir.<\/li>\n\n\n\n<li>2020-2022-ci ill\u0259rd\u0259 Nax\u00e7\u0131van D\u00f6vl\u0259t Universitetinin H\u0259yat&nbsp; f\u0259aliyy\u0259tinin m\u00fcxt\u0259lif sah\u0259l\u0259ri \u00fczr\u0259 Sosial i\u015f fakult\u0259sinin magistr d\u0259r\u0259c\u0259sini bitirmi\u015fdir.<\/li>\n<\/ul>\n\n\n\n<p><strong>\u018fM\u018fK F\u018fAL\u0130YY\u018fT\u0130<\/strong><\/p>\n\n\n\n<ul class=\"wp-block-list\">\n<li>27.09.2022-ci il tarixd\u0259n G\u0259nc\u0259 D\u00f6vl\u0259t Universitetind\u0259 \u00e7al\u0131\u015f\u0131r;<\/li>\n\n\n\n<li>Bakalavr pill\u0259sind\u0259 Politaloqiya F\u0259ls\u0259f\u0259,Multikulturalizm f\u0259nl\u0259rini apar\u0131r.<\/li>\n<\/ul>\n<\/div><\/div>\n","protected":false},"excerpt":{"rendered":"<p>G\u0259nc\u0259 D\u00f6vl\u0259t Universiteti Sosial f\u0259nl\u0259r kafedras\u0131n\u0131n m\u00fc\u0259llimi Tel: (010) 322-71-11 E-mail: angel.hasanova@bk.ru QISA B\u0130OQRAF\u0130K M\u018fLUMAT T\u018fHS\u0130L V\u018f ELM\u0130 D\u018fR\u018fC\u018f V\u018f ELM\u0130 ADLARI \u018fM\u018fK F\u018fAL\u0130YY\u018fT\u0130<\/p>\n","protected":false},"author":1,"featured_media":2985,"parent":0,"menu_order":0,"comment_status":"closed","ping_status":"closed","template":"","meta":{"footnotes":""},"categories":[37],"tags":[],"class_list":["post-2984","page","type-page","status-publish","has-post-thumbnail","hentry","category-sosial-fnnlr-kadrlar"],"_links":{"self":[{"href":"https:\/\/tcf.gdu.edu.az\/index.php?rest_route=\/wp\/v2\/pages\/2984","targetHints":{"allow":["GET"]}}],"collection":[{"href":"https:\/\/tcf.gdu.edu.az\/index.php?rest_route=\/wp\/v2\/pages"}],"about":[{"href":"https:\/\/tcf.gdu.edu.az\/index.php?rest_route=\/wp\/v2\/types\/page"}],"author":[{"embeddable":true,"href":"https:\/\/tcf.gdu.edu.az\/index.php?rest_route=\/wp\/v2\/users\/1"}],"replies":[{"embeddable":true,"href":"https:\/\/tcf.gdu.edu.az\/index.php?rest_route=%2Fwp%2Fv2%2Fcomments&post=2984"}],"version-history":[{"count":1,"href":"https:\/\/tcf.gdu.edu.az\/index.php?rest_route=\/wp\/v2\/pages\/2984\/revisions"}],"predecessor-version":[{"id":2986,"href":"https:\/\/tcf.gdu.edu.az\/index.php?rest_route=\/wp\/v2\/pages\/2984\/revisions\/2986"}],"wp:featuredmedia":[{"embeddable":true,"href":"https:\/\/tcf.gdu.edu.az\/index.php?rest_route=\/wp\/v2\/media\/2985"}],"wp:attachment":[{"href":"https:\/\/tcf.gdu.edu.az\/index.php?rest_route=%2Fwp%2Fv2%2Fmedia&parent=2984"}],"wp:term":[{"taxonomy":"category","embeddable":true,"href":"https:\/\/tcf.gdu.edu.az\/index.php?rest_route=%2Fwp%2Fv2%2Fcategories&post=2984"},{"taxonomy":"post_tag","embeddable":true,"href":"https:\/\/tcf.gdu.edu.az\/index.php?rest_route=%2Fwp%2Fv2%2Ftags&post=2984"}],"curies":[{"name":"wp","href":"https:\/\/api.w.org\/{rel}","templated":true}]}}