{"id":2991,"date":"2023-04-12T09:37:47","date_gmt":"2023-04-12T07:37:47","guid":{"rendered":"https:\/\/tcf.gdu.edu.az\/?page_id=2991"},"modified":"2026-04-12T20:34:19","modified_gmt":"2026-04-12T18:34:19","slug":"huseynova-gunel-fariz-qizi","status":"publish","type":"page","link":"https:\/\/tcf.gdu.edu.az\/?page_id=2991","title":{"rendered":"H\u00dcSEYNOVA\u00a0 G\u00dcNEL\u00a0 FAR\u0130Z QIZI\u00a0\u00a0\u00a0\u00a0\u00a0\u00a0\u00a0\u00a0\u00a0\u00a0\u00a0\u00a0\u00a0\u00a0\u00a0\u00a0\u00a0\u00a0\u00a0\u00a0\u00a0\u00a0\u00a0 \u00a0\u00a0\u00a0\u00a0\u00a0\u00a0\u00a0\u00a0\u00a0\u00a0\u00a0\u00a0\u00a0\u00a0\u00a0\u00a0\u00a0\u00a0"},"content":{"rendered":"\n<div class=\"wp-block-group has-black-color has-text-color\" style=\"font-size:14px\"><div class=\"wp-block-group__inner-container is-layout-constrained wp-block-group-is-layout-constrained\">\n<figure class=\"wp-block-image size-medium\"><a href=\"https:\/\/tcf.gdu.edu.az\/wp-content\/uploads\/2025\/10\/54ae8723-c7b0-44f1-bed0-a5bd90bace7e-Kocur-3.jpg\"><img loading=\"lazy\" decoding=\"async\" width=\"226\" height=\"300\" src=\"https:\/\/tcf.gdu.edu.az\/wp-content\/uploads\/2025\/10\/54ae8723-c7b0-44f1-bed0-a5bd90bace7e-Kocur-3-226x300.jpg\" alt=\"\" class=\"wp-image-4691\" srcset=\"https:\/\/tcf.gdu.edu.az\/wp-content\/uploads\/2025\/10\/54ae8723-c7b0-44f1-bed0-a5bd90bace7e-Kocur-3-226x300.jpg 226w, https:\/\/tcf.gdu.edu.az\/wp-content\/uploads\/2025\/10\/54ae8723-c7b0-44f1-bed0-a5bd90bace7e-Kocur-3.jpg 253w\" sizes=\"auto, (max-width: 226px) 100vw, 226px\" \/><\/a><\/figure>\n\n\n\n<p>G\u0259nc\u0259 D\u00f6vl\u0259t Universitetin Sosial f\u0259nl\u0259r kafedras\u0131n\u0131n dosenti  (attestats\u0131z) <\/p>\n\n\n\n<p>E-mail: <a href=\"mailto:gunel_huseynova_91@inbox.ru\">gunel_huseynova_91@inbox.ru<\/a><\/p>\n\n\n\n<p><strong>&nbsp;&nbsp; QISA B\u0130OQRAF\u0130K M\u018fLUMAT<\/strong><\/p>\n\n\n\n<ul class=\"wp-block-list\">\n<li>23.03.1991- ci ild\u0259 Bak\u0131 \u015f\u0259h\u0259rind\u0259 anadan olmu\u015fdur.<\/li>\n<\/ul>\n\n\n\n<p><strong>T\u018fHS\u0130L&nbsp; V\u018f ELM\u0130&nbsp; D\u018fR\u018fC\u018f V\u018f ELM\u0130 ADLARI<\/strong><\/p>\n\n\n\n<p><strong>1<\/strong>.2008-2013-c\u00fc ill\u0259rd\u0259 G\u0259nc\u0259 D\u00f6vl\u0259t Universitetinin Tarix-Co\u011frafiya ixtisas\u0131n\u0131n bakalavr&nbsp; pill\u0259sini bitirmi\u015fdir.<\/p>\n\n\n\n<p><strong>2.<\/strong> 2014-2016-c\u0131 ill\u0259rd\u0259 T\u00fcrkiy\u0259 Cumhuriyy\u0259tinin F\u0131rat Universitetinin Tarix ixtisas\u0131n\u0131n magistr pill\u0259sini bitirmi\u015fdir.<\/p>\n\n\n\n<p><strong>3<\/strong>.2019-cu ild\u0259n&nbsp; T\u00fcrkiy\u0259 Cumhuriyy\u0259ti Anadolu Universitetind\u0259 Tarix ixtisas\u0131 \u00fczr\u0259 doktorantura&nbsp; pill\u0259sini bitirmi\u015f v\u0259 tarix \u00fczr\u0259 f\u0259ls\u0259f\u0259 doktoru diplomu alm\u0131\u015fd\u0131.<\/p>\n\n\n\n<p><strong>\u018fM\u018fK&nbsp; F\u018fAL\u0130YY\u018fT\u0130<\/strong><\/p>\n\n\n\n<ul class=\"wp-block-list\">\n<li>2011-2014 c\u00fc ill\u0259rd\u0259 Az\u0259rbaycan tarixi kafedras\u0131nda laborant v\u0259zif\u0259sind\u0259 \u00e7al\u0131\u015fm\u0131\u015fd\u0131r<\/li>\n\n\n\n<li>2014-2017 ci ill\u0259rd\u0259 Da\u015fk\u0259s\u0259n rayon Bayan&nbsp; k\u0259nd orta m\u0259kt\u0259bd\u0259 tarix m\u00fc\u0259llimi v\u0259zif\u0259sind\u0259 \u00e7al\u0131\u015fm\u0131\u015fd\u0131r<\/li>\n\n\n\n<li>2017-2019-cu il tarixl\u0259rind\u0259 G\u0259nc\u0259 D\u00f6vl\u0259t Universitetinin \u018flav\u0259 t\u0259hsil fakult\u0259sind\u0259 kabin\u0259 m\u00fcdiri v\u0259zif\u0259sind\u0259 \u00e7al\u0131\u015fm\u0131\u015fd\u0131r.<\/li>\n\n\n\n<li>2020-ci ild\u0259n G\u0259nc\u0259 D\u00f6vl\u0259t Universitetinin Sosial f\u0259nl\u0259r kafedras\u0131nda m\u00fc\u0259llim v\u0259zif\u0259sind\u0259 \u00e7al\u0131r.<\/li>\n\n\n\n<li>2023-c\u00fc ild\u0259n  G\u0259nc\u0259 D\u00f6vl\u0259t Universitetinin Sosial f\u0259nl\u0259r kafedras\u0131nda ba\u015f m\u00fc\u0259llim v\u0259zif\u0259sind\u0259 \u00e7al\u0131r.<\/li>\n\n\n\n<li>12 m\u0259qal\u0259nin m\u00fc\u0259lifidir.<\/li>\n<\/ul>\n\n\n\n<p><strong>M\u018fQAL\u018fL\u018fR<\/strong><strong>\u0130<\/strong><\/p>\n\n\n\n<p>1.\u201dT\u00fcrkiy\u0259 il\u0259 Diplomatik siyasi v\u0259 \u0130qtisadi \u0259m\u0259kda\u015fl\u0131qda enerji amili\u201d\/\/ G\u0259nc\u0259 D\u00f6vl\u0259t Universiteti Elmi X\u0259b\u0259rl\u0259r. Fundamental, humanitar v\u0259 t\u0259bi\u0259t elml\u0259ri seriyas\u0131. G\u0259nc\u0259, 2014, \u21161 s\u0259h. 226-231.<\/p>\n\n\n\n<p>2. \u201c1918-ci il mart soyq\u0131r\u0131m\u0131n\u0131n tarix\u015f\u00fcnasl\u0131\u011f\u0131\u201d\/\/ G\u0259nc\u0259 D\u00f6vl\u0259t Universiteti Elmi X\u0259b\u0259rl\u0259r. Fundamental, humanitar v\u0259 t\u0259bi\u0259t elml\u0259ri seriyas\u0131. G\u0259nc\u0259, 2015, \u21162 s\u0259h. 243-246.<\/p>\n\n\n\n<p>3.\u201dQafqaz\u0131n antik d\u00f6vr arxeoloji abid\u0259l\u0259ri\u201d\/\/ Qafqaz tarixinin aktual m\u0259s\u0259l\u0259l\u0259ri beyn\u0259lxalq konfrans G\u0259nc\u0259-2015 I hiss\u0259 s\u0259h 281-286<\/p>\n\n\n\n<p>4. \u201cAz\u0259rbaycan Publisistikas\u0131nda Milli-m\u0259n\u0259vi d\u0259y\u0259rl\u0259r\u201d\/\/ G\u0259nc aliml\u0259rin I beyn\u0259lxalq elmi konfrans\u0131 G\u0259nc\u0259-2016 I hiss\u0259 s\u0259h 101-104<\/p>\n\n\n\n<p>5.\u201dAz\u0259rbaycan Respublikas\u0131 Az\u0259rbaycan Xalq C\u00fcmhuriyy\u0259tinin varisidir\u201d\/\/ Az\u0259rbaycan D\u00f6vl\u0259t Aqrar Universiteti Az\u0259rbaycan Xalq Cumhuriyy\u0259ti \u015e\u0259rqin ilk demokratik d\u00f6vl\u0259tidir G\u0259nc\u0259- 2018, Elmi konfrans\u0131n materiallar\u0131 s\u0259h 62-65<\/p>\n\n\n\n<p>6.\u201dAz\u0259rbaycan t\u0259hsilinin d\u00fcnyaya inteqrasiyas\u0131nda multikultural t\u0259hsilin \u00f6n\u0259mi\u201d\/\/ Humanitar elml\u0259rin inki\u015faf\u0131 strategiyas\u0131 Respublika elmi kinfrans\u0131 Bak\u0131 6-7 Mart 2021, s\u0259h 94<\/p>\n\n\n\n<p>7.<strong>\u201c<\/strong>Mustafa kamal atat\u00fcrk`\u00fcn m\u0259d\u0259niyy\u0259t\u0259 dair bax\u0131\u015flar\u0131\u201d\/\/ Do\u011fumunun140 y\u0131l\u0131nda atat\u00fcrk uluslararas\u0131 sempozyumu 19 May Samsun ,T\u00fcrkiy\u0259 2021 s.123-125<\/p>\n\n\n\n<p>8. \u201cAz\u0259rbaycan qaz\u0131n\u0131n T\u00fcrkiy\u0259 vasit\u0259siyl\u0259 avropa bazarlar\u0131na n\u0259qli birg\u0259 strateji maraqlar\u0131n t\u0259c\u0259ss\u00fcm\u00fcd\u00fcr\u201d\/\/ G\u0259nc\u0259 D\u00f6vl\u0259t Universiteti Elmi X\u0259b\u0259rl\u0259r. Fundamental, humanitar v\u0259 t\u0259bi\u0259t elml\u0259ri seriyas\u0131. G\u0259nc\u0259, 2020 \u21162 s\u0259h 139-143<\/p>\n\n\n\n<p>9. \u201cT\u00fcrkiye`de Lat\u0131n Alfabesine ge\u00e7i\u015f s\u00fcreci\u201d\/\/4-c\u00fc Beyn\u0259lxalq D\u0259d\u0259 Qorqud T\u00fcrk M\u0259d\u0259niyy\u0259ti, Tarixi v\u0259 \u018fd\u0259biyyat\u0131 konfrans\u0131 2-4 sentyabr 2021-ci il. s\u0259h 251-259<\/p>\n\n\n\n<p>10. \u201cOttoman-Azerba\u0131jan\u0131 educat\u0131onal relat\u0131ons \u0131n the XX century\u201d\/\/ \u0412\u0447\u0435\u043di \u0437\u0430\u043f\u0438\u0441\u043a\u0438 \u0422\u041d\u0423 i\u043ce\u043di \u0412. I \u0412\u0435\u0440\u043d\u0430\u0434\u0441\u044c\u043a\u043e\u0433\u043e. \u0421\u0435\u0440i\u044f I\u0441\u0442\u043e\u0440\u0438\u0447\u0438i \u043d\u0430\u0443\u043a\u0438 \u0422\u043e\u043c 33(72) N2, 2022.<\/p>\n\n\n\n<p>11. \u201cHayder Al\u0131ye`s serv\u0131ces \u0131n the establ\u0131shment and operat\u0131on of Turksoy\u201d\/\/ &nbsp;Az\u0259rbaycan Milli Elml\u0259r Akademiyas\u0131 G\u0259nc\u0259 b\u00f6lm\u0259si \u0130ctimai v\u0259 humanitar elml\u0259r seriyas\u0131 N1(3)<\/p>\n\n\n\n<p>12. \u201cXX \u0259srin \u0259vv\u0259ll\u0259rind\u0259 Osmanl\u0131 Az\u0259rbaycan m\u0259d\u0259ni m\u00fcnasib\u0259tl\u0259ri \u015f\u0259rtl\u0259ndir\u0259n s\u0259b\u0259bl\u0259r v\u0259 inki\u015faf meyill\u0259ri\u201d\/\/ Bak\u0131 Avrasiya Universiteti Elmi-n\u0259z\u0259ri jurnal\u0131 Sivilizasiya Cild11-N3 2022-52.<\/p>\n<\/div><\/div>\n","protected":false},"excerpt":{"rendered":"<p>G\u0259nc\u0259 D\u00f6vl\u0259t Universitetin Sosial f\u0259nl\u0259r kafedras\u0131n\u0131n dosenti (attestats\u0131z) E-mail: gunel_huseynova_91@inbox.ru &nbsp;&nbsp; QISA B\u0130OQRAF\u0130K M\u018fLUMAT T\u018fHS\u0130L&nbsp; V\u018f ELM\u0130&nbsp; D\u018fR\u018fC\u018f V\u018f ELM\u0130 ADLARI 1.2008-2013-c\u00fc ill\u0259rd\u0259 G\u0259nc\u0259 D\u00f6vl\u0259t Universitetinin Tarix-Co\u011frafiya ixtisas\u0131n\u0131n bakalavr&nbsp; pill\u0259sini bitirmi\u015fdir. 2. 2014-2016-c\u0131 ill\u0259rd\u0259 T\u00fcrkiy\u0259 Cumhuriyy\u0259tinin F\u0131rat Universitetinin Tarix ixtisas\u0131n\u0131n magistr pill\u0259sini bitirmi\u015fdir. 3.2019-cu ild\u0259n&nbsp; T\u00fcrkiy\u0259 Cumhuriyy\u0259ti Anadolu Universitetind\u0259 Tarix ixtisas\u0131 \u00fczr\u0259 doktorantura&nbsp; pill\u0259sini bitirmi\u015f [&hellip;]<\/p>\n","protected":false},"author":1,"featured_media":4691,"parent":0,"menu_order":0,"comment_status":"closed","ping_status":"closed","template":"","meta":{"footnotes":""},"categories":[37],"tags":[],"class_list":["post-2991","page","type-page","status-publish","has-post-thumbnail","hentry","category-sosial-fnnlr-kadrlar"],"_links":{"self":[{"href":"https:\/\/tcf.gdu.edu.az\/index.php?rest_route=\/wp\/v2\/pages\/2991","targetHints":{"allow":["GET"]}}],"collection":[{"href":"https:\/\/tcf.gdu.edu.az\/index.php?rest_route=\/wp\/v2\/pages"}],"about":[{"href":"https:\/\/tcf.gdu.edu.az\/index.php?rest_route=\/wp\/v2\/types\/page"}],"author":[{"embeddable":true,"href":"https:\/\/tcf.gdu.edu.az\/index.php?rest_route=\/wp\/v2\/users\/1"}],"replies":[{"embeddable":true,"href":"https:\/\/tcf.gdu.edu.az\/index.php?rest_route=%2Fwp%2Fv2%2Fcomments&post=2991"}],"version-history":[{"count":10,"href":"https:\/\/tcf.gdu.edu.az\/index.php?rest_route=\/wp\/v2\/pages\/2991\/revisions"}],"predecessor-version":[{"id":5133,"href":"https:\/\/tcf.gdu.edu.az\/index.php?rest_route=\/wp\/v2\/pages\/2991\/revisions\/5133"}],"wp:featuredmedia":[{"embeddable":true,"href":"https:\/\/tcf.gdu.edu.az\/index.php?rest_route=\/wp\/v2\/media\/4691"}],"wp:attachment":[{"href":"https:\/\/tcf.gdu.edu.az\/index.php?rest_route=%2Fwp%2Fv2%2Fmedia&parent=2991"}],"wp:term":[{"taxonomy":"category","embeddable":true,"href":"https:\/\/tcf.gdu.edu.az\/index.php?rest_route=%2Fwp%2Fv2%2Fcategories&post=2991"},{"taxonomy":"post_tag","embeddable":true,"href":"https:\/\/tcf.gdu.edu.az\/index.php?rest_route=%2Fwp%2Fv2%2Ftags&post=2991"}],"curies":[{"name":"wp","href":"https:\/\/api.w.org\/{rel}","templated":true}]}}

HÜSEYNOVA  GÜNEL  FARİZ QIZI

<div class="wp-block-group has-black-color has-text-color" style="font-size:14px"><div class="wp-block-group__inner-container is-layout-constrained wp-block-group-is-layout-constrained">
<figure class="wp-block-image size-medium"><a href="https://tcf.gdu.edu.az/wp-content/uploads/2025/10/54ae8723-c7b0-44f1-bed0-a5bd90bace7e-Kocur-3.jpg"><img loading="lazy" decoding="async" width="226" height="300" src="https://tcf.gdu.edu.az/wp-content/uploads/2025/10/54ae8723-c7b0-44f1-bed0-a5bd90bace7e-Kocur-3-226x300.jpg" alt="" class="wp-image-4691" srcset="https://tcf.gdu.edu.az/wp-content/uploads/2025/10/54ae8723-c7b0-44f1-bed0-a5bd90bace7e-Kocur-3-226x300.jpg 226w, https://tcf.gdu.edu.az/wp-content/uploads/2025/10/54ae8723-c7b0-44f1-bed0-a5bd90bace7e-Kocur-3.jpg 253w" sizes="auto, (max-width: 226px) 100vw, 226px" /></a></figure>



<p>Gəncə Dövlət Universitetin Sosial fənlər kafedrasının dosenti  (attestatsız) </p>



<p>E-mail: <a href="mailto:gunel_huseynova_91@inbox.ru">gunel_huseynova_91@inbox.ru</a></p>



<p><strong>&nbsp;&nbsp; QISA BİOQRAFİK MƏLUMAT</strong></p>



<ul class="wp-block-list">
<li>23.03.1991- ci ildə Bakı şəhərində anadan olmuşdur.</li>
</ul>



<p><strong>TƏHSİL&nbsp; VƏ ELMİ&nbsp; DƏRƏCƏ VƏ ELMİ ADLARI</strong></p>



<p><strong>1</strong>.2008-2013-cü illərdə Gəncə Dövlət Universitetinin Tarix-Coğrafiya ixtisasının bakalavr&nbsp; pilləsini bitirmişdir.</p>



<p><strong>2.</strong> 2014-2016-cı illərdə Türkiyə Cumhuriyyətinin Fırat Universitetinin Tarix ixtisasının magistr pilləsini bitirmişdir.</p>



<p><strong>3</strong>.2019-cu ildən&nbsp; Türkiyə Cumhuriyyəti Anadolu Universitetində Tarix ixtisası üzrə doktorantura&nbsp; pilləsini bitirmiş və tarix üzrə fəlsəfə doktoru diplomu almışdı.</p>



<p><strong>ƏMƏK&nbsp; FƏALİYYƏTİ</strong></p>



<ul class="wp-block-list">
<li>2011-2014 cü illərdə Azərbaycan tarixi kafedrasında laborant vəzifəsində çalışmışdır</li>



<li>2014-2017 ci illərdə Daşkəsən rayon Bayan&nbsp; kənd orta məktəbdə tarix müəllimi vəzifəsində çalışmışdır</li>



<li>2017-2019-cu il tarixlərində Gəncə Dövlət Universitetinin Əlavə təhsil fakultəsində kabinə müdiri vəzifəsində çalışmışdır.</li>



<li>2020-ci ildən Gəncə Dövlət Universitetinin Sosial fənlər kafedrasında müəllim vəzifəsində çalır.</li>



<li>2023-cü ildən  Gəncə Dövlət Universitetinin Sosial fənlər kafedrasında baş müəllim vəzifəsində çalır.</li>



<li>12 məqalənin müəlifidir.</li>
</ul>



<p><strong>MƏQALƏLƏR</strong><strong>İ</strong></p>



<p>1.”Türkiyə ilə Diplomatik siyasi və İqtisadi əməkdaşlıqda enerji amili”// Gəncə Dövlət Universiteti Elmi Xəbərlər. Fundamental, humanitar və təbiət elmləri seriyası. Gəncə, 2014, №1 səh. 226-231.</p>



<p>2. “1918-ci il mart soyqırımının tarixşünaslığı”// Gəncə Dövlət Universiteti Elmi Xəbərlər. Fundamental, humanitar və təbiət elmləri seriyası. Gəncə, 2015, №2 səh. 243-246.</p>



<p>3.”Qafqazın antik dövr arxeoloji abidələri”// Qafqaz tarixinin aktual məsələləri beynəlxalq konfrans Gəncə-2015 I hissə səh 281-286</p>



<p>4. “Azərbaycan Publisistikasında Milli-mənəvi dəyərlər”// Gənc alimlərin I beynəlxalq elmi konfransı Gəncə-2016 I hissə səh 101-104</p>



<p>5.”Azərbaycan Respublikası Azərbaycan Xalq Cümhuriyyətinin varisidir”// Azərbaycan Dövlət Aqrar Universiteti Azərbaycan Xalq Cumhuriyyəti Şərqin ilk demokratik dövlətidir Gəncə- 2018, Elmi konfransın materialları səh 62-65</p>



<p>6.”Azərbaycan təhsilinin dünyaya inteqrasiyasında multikultural təhsilin önəmi”// Humanitar elmlərin inkişafı strategiyası Respublika elmi kinfransı Bakı 6-7 Mart 2021, səh 94</p>



<p>7.<strong>“</strong>Mustafa kamal atatürk`ün mədəniyyətə dair baxışları”// Doğumunun140 yılında atatürk uluslararası sempozyumu 19 May Samsun ,Türkiyə 2021 s.123-125</p>



<p>8. “Azərbaycan qazının Türkiyə vasitəsiylə avropa bazarlarına nəqli birgə strateji maraqların təcəssümüdür”// Gəncə Dövlət Universiteti Elmi Xəbərlər. Fundamental, humanitar və təbiət elmləri seriyası. Gəncə, 2020 №2 səh 139-143</p>



<p>9. “Türkiye`de Latın Alfabesine geçiş süreci”//4-cü Beynəlxalq Dədə Qorqud Türk Mədəniyyəti, Tarixi və Ədəbiyyatı konfransı 2-4 sentyabr 2021-ci il. səh 251-259</p>



<p>10. “Ottoman-Azerbaıjanı educatıonal relatıons ın the XX century”// Вченi записки ТНУ iмeнi В. I Вернадського. Серiя Iсторичиi науки Том 33(72) N2, 2022.</p>



<p>11. “Hayder Alıye`s servıces ın the establıshment and operatıon of Turksoy”// &nbsp;Azərbaycan Milli Elmlər Akademiyası Gəncə bölməsi İctimai və humanitar elmlər seriyası N1(3)</p>



<p>12. “XX əsrin əvvəllərində Osmanlı Azərbaycan mədəni münasibətləri şərtləndirən səbəblər və inkişaf meyilləri”// Bakı Avrasiya Universiteti Elmi-nəzəri jurnalı Sivilizasiya Cild11-N3 2022-52.</p>
</div></div>

<p>Gəncə Dövlət Universitetin Sosial fənlər kafedrasının dosenti (attestatsız) E-mail: gunel_huseynova_91@inbox.ru &nbsp;&nbsp; QISA BİOQRAFİK MƏLUMAT TƏHSİL&nbsp; VƏ ELMİ&nbsp; DƏRƏCƏ VƏ ELMİ ADLARI 1.2008-2013-cü illərdə Gəncə Dövlət Universitetinin Tarix-Coğrafiya ixtisasının bakalavr&nbsp; pilləsini bitirmişdir. 2. 2014-2016-cı illərdə Türkiyə Cumhuriyyətinin Fırat Universitetinin Tarix ixtisasının magistr pilləsini bitirmişdir. 3.2019-cu ildən&nbsp; Türkiyə Cumhuriyyəti Anadolu Universitetində Tarix ixtisası üzrə doktorantura&nbsp; pilləsini bitirmiş [&hellip;]</p>
