{"id":2997,"date":"2023-04-12T09:45:37","date_gmt":"2023-04-12T07:45:37","guid":{"rendered":"https:\/\/tcf.gdu.edu.az\/?page_id=2997"},"modified":"2023-04-12T09:45:44","modified_gmt":"2023-04-12T07:45:44","slug":"yusibova-gunel-yalcin-qizi","status":"publish","type":"page","link":"https:\/\/tcf.gdu.edu.az\/?page_id=2997","title":{"rendered":"YUS\u0130BOVA G\u00dcNEL YAL\u00c7IN QIZI"},"content":{"rendered":"\n<figure class=\"wp-block-image size-full\"><a href=\"https:\/\/tcf.gdu.edu.az\/wp-content\/uploads\/2023\/04\/Gunel-Yusibova.jpg\"><img loading=\"lazy\" decoding=\"async\" width=\"260\" height=\"352\" src=\"https:\/\/tcf.gdu.edu.az\/wp-content\/uploads\/2023\/04\/Gunel-Yusibova.jpg\" alt=\"\" class=\"wp-image-2998\" srcset=\"https:\/\/tcf.gdu.edu.az\/wp-content\/uploads\/2023\/04\/Gunel-Yusibova.jpg 260w, https:\/\/tcf.gdu.edu.az\/wp-content\/uploads\/2023\/04\/Gunel-Yusibova-222x300.jpg 222w\" sizes=\"auto, (max-width: 260px) 100vw, 260px\" \/><\/a><\/figure>\n\n\n\n<div class=\"wp-block-group has-black-color has-text-color\" style=\"font-size:14px\"><div class=\"wp-block-group__inner-container is-layout-constrained wp-block-group-is-layout-constrained\">\n<p>G\u0259nc\u0259 D\u00f6vl\u0259t Universitetin Sosial f\u0259nl\u0259r kafedras\u0131n\u0131n\u00a0m\u00fc\u0259llimi<\/p>\n\n\n\n<p>Tel : (055) 457-50-22<\/p>\n\n\n\n<p>E-mail: <a href=\"mailto:forget379@gmail.com\">forget379@gmail.com<\/a><\/p>\n\n\n\n<p><strong>QISA B\u0130OQRAF\u0130K M\u018fLUMAT<\/strong><\/p>\n\n\n\n<ul class=\"wp-block-list\">\n<li>23.08.1993- c\u00fc ild\u0259 G\u0259nc\u0259 \u015f\u0259h\u0259rind\u0259 anadan olmu\u015fdur.<\/li>\n<\/ul>\n\n\n\n<p><strong>T\u018fHS\u0130L&nbsp; V\u018f ELM\u0130&nbsp; D\u018fR\u018fC\u018f V\u018f ELM\u0130 ADLARI<\/strong><\/p>\n\n\n\n<ul class=\"wp-block-list\">\n<li>2010-2014-c\u00fc ill\u0259rd\u0259 Az\u0259rbaycan Respublikas\u0131 Prezidenti yan\u0131nda D\u00f6vl\u0259t \u0130dar\u0259\u00e7ilik Akademiyas\u0131n\u0131n Siyasi idar\u0259etm\u0259 fak\u00fclt\u0259sinin Politologiya ixtisas\u0131nda t\u0259hsil al\u0131b. 2016-2018-ci ill\u0259rd\u0259 Magistratura t\u0259hsili alm\u0131\u015fd\u0131r.<\/li>\n<\/ul>\n\n\n\n<p><strong>\u018fM\u018fK&nbsp; F\u018fAL\u0130YY\u018fT\u0130<\/strong><\/p>\n\n\n\n<ul class=\"wp-block-list\">\n<li>2019-cu ild\u0259n G\u0259nc\u0259 D\u00f6vl\u0259t Universitetinin Sosial f\u0259nl\u0259r kafedras\u0131nda&nbsp; m\u00fc\u0259llim kimi f\u0259aliyy\u0259t g\u00f6st\u0259rir.<\/li>\n\n\n\n<li>2020-ci ild\u0259 D\u0130M-nin t\u0259\u015fkil etdiyi doktoranturaya q\u0259bul \u00fczr\u0259 xarici dil imtan\u0131ndan u\u011furla ke\u00e7\u0259r\u0259k, G\u0259nc\u0259 D\u00f6vl\u0259t Universitetinin Sosial f\u0259nl\u0259r kafedras\u0131nda Siyas\u0259t n\u0259z\u0259riyy\u0259si ixtisas\u0131 \u00fczr\u0259 dissertant kimi q\u0259bul olunmu\u015fdur.<\/li>\n\n\n\n<li>Bakalavr pill\u0259sind\u0259 Politologiya ,F\u0259ls\u0259f\u0259, Multikulturalizm, Sosial siyas\u0259t, Az\u0259rbaycanda sosial yard\u0131m sistemi f\u0259nnl\u0259rini t\u0259dris edir.<\/li>\n\n\n\n<li>\u201c2 fevral g\u0259ncl\u0259r g\u00fcn\u00fc\u201d m\u00fcnasib\u0259ti il\u0259 G\u0259nc\u0259 \u015f\u0259h\u0259rinin ictimai-siyasi h\u0259yat\u0131nda f\u0259al i\u015ftirak\u0131na g\u00f6r\u0259, YAP G\u0259nc\u0259 \u015f\u0259h\u0259r t\u0259\u015fkilat\u0131n\u0131n s\u0259dri Ramil Orucov t\u0259r\u0259find\u0259n t\u0259\u015f\u0259kk\u00fcrnam\u0259 il\u0259 t\u0259ltif olunmu\u015fdur.<\/li>\n<\/ul>\n\n\n\n<p><strong>ELM\u0130 M\u018fQAL\u018fL\u018fR\u0130<\/strong><\/p>\n\n\n\n<ul class=\"wp-block-list\">\n<li>\u201cOrta \u0259sr siyasi fikrind\u0259 Q\u0259rbi Avropa m\u00fct\u0259f\u0259kkirl\u0259rinin rolu\u201d\/\/ G\u0259nc\u0259 D\u00f6vl\u0259t Universitetinin &nbsp;Elmi x\u0259b\u0259rl\u0259r. \u2116 2. G\u0259nc\u0259 2022<\/li>\n\n\n\n<li>\u201cEkzistensializmin t\u0259m\u0259l anlay\u0131\u015flar\u0131\u201d\/\/ AMEA G\u0259nc\u0259 b\u00f6lm\u0259si. X\u0259b\u0259rl\u0259r m\u0259cmu\u0259si. \u2116 1(4) G\u0259nc\u0259 2022.<\/li>\n\n\n\n<li>\u201c\u201c\u015eu\u015fa B\u0259yannam\u0259si\u201d yeni m\u0259rh\u0259l\u0259d\u0259 \u0259b\u0259di m\u00fctt\u0259fiqliyin simvolu kimi\u201d\/\/ BDU Qazax filial\u0131 \u201c \u015eu\u015fa \u2013 D\u00fcn\u0259n, Bug\u00fcn, Sabah\u201d m\u00f6vzusunda Respublika Elmi konfrans\u0131. Qazax-2022.<\/li>\n\n\n\n<li>\u201cAz\u0259rbaycan\u0131n i\u015f\u011faldan azad olunmu\u015f \u0259razil\u0259rind\u0259 tarixi-m\u0259d\u0259ni irsin, multikultural d\u0259y\u0259rl\u0259rin b\u0259rpas\u0131\u201d\/\/ G\u0259nc\u0259 D\u00f6vl\u0259t Universitetinin \u201c\u015eu\u015fa ili\u201dn\u0259 h\u0259sr olunan G\u0259nc aliml\u0259rin&nbsp; Beyn\u0259lxalq &nbsp;Elmi Konfrans\u0131. G\u0259nc\u0259 2022<\/li>\n\n\n\n<li>\u201cAz\u0259rbaycan-T\u00fcrkiy\u0259 h\u0259rbi \u0259laq\u0259l\u0259rinin h\u00fcquqi \u0259sas\u0131 (1990-c\u0131 ill\u0259r<strong>)\u201d\/\/ <\/strong>AMEA G\u0259nc\u0259 b\u00f6lm\u0259si. X\u0259b\u0259rl\u0259r m\u0259cmu\u0259si. \u2116 1(5). G\u0259nc\u0259 2023.<strong><\/strong><\/li>\n\n\n\n<li>\u201cHeyd\u0259r \u018fliyevin hakimiyy\u0259ti d\u00f6vr\u00fcnd\u0259 Az\u0259rbaycan-T\u00fcrkiy\u0259 h\u0259rbi-siyasi \u0259m\u0259kda\u015fl\u0131\u011f\u0131n\u0131n inki\u015faf istiqam\u0259tl\u0259ri\u201d\/\/AMEA Qafqaz\u015f\u00fcnazl\u0131q \u0130nstitutu. Heyd\u0259r \u018fliyev: Qafqazda s\u00fclh v\u0259 \u0259m\u0259kda\u015fl\u0131q m\u0259s\u0259l\u0259l\u0259ri\u201d m\u00f6vzusunda respublika elmi konfrans\u0131. Bak\u0131 2023.<\/li>\n<\/ul>\n<\/div><\/div>\n","protected":false},"excerpt":{"rendered":"<p>G\u0259nc\u0259 D\u00f6vl\u0259t Universitetin Sosial f\u0259nl\u0259r kafedras\u0131n\u0131n\u00a0m\u00fc\u0259llimi Tel : (055) 457-50-22 E-mail: forget379@gmail.com QISA B\u0130OQRAF\u0130K M\u018fLUMAT T\u018fHS\u0130L&nbsp; V\u018f ELM\u0130&nbsp; D\u018fR\u018fC\u018f V\u018f ELM\u0130 ADLARI \u018fM\u018fK&nbsp; F\u018fAL\u0130YY\u018fT\u0130 ELM\u0130 M\u018fQAL\u018fL\u018fR\u0130<\/p>\n","protected":false},"author":1,"featured_media":2998,"parent":0,"menu_order":0,"comment_status":"closed","ping_status":"closed","template":"","meta":{"footnotes":""},"categories":[37],"tags":[],"class_list":["post-2997","page","type-page","status-publish","has-post-thumbnail","hentry","category-sosial-fnnlr-kadrlar"],"_links":{"self":[{"href":"https:\/\/tcf.gdu.edu.az\/index.php?rest_route=\/wp\/v2\/pages\/2997","targetHints":{"allow":["GET"]}}],"collection":[{"href":"https:\/\/tcf.gdu.edu.az\/index.php?rest_route=\/wp\/v2\/pages"}],"about":[{"href":"https:\/\/tcf.gdu.edu.az\/index.php?rest_route=\/wp\/v2\/types\/page"}],"author":[{"embeddable":true,"href":"https:\/\/tcf.gdu.edu.az\/index.php?rest_route=\/wp\/v2\/users\/1"}],"replies":[{"embeddable":true,"href":"https:\/\/tcf.gdu.edu.az\/index.php?rest_route=%2Fwp%2Fv2%2Fcomments&post=2997"}],"version-history":[{"count":1,"href":"https:\/\/tcf.gdu.edu.az\/index.php?rest_route=\/wp\/v2\/pages\/2997\/revisions"}],"predecessor-version":[{"id":2999,"href":"https:\/\/tcf.gdu.edu.az\/index.php?rest_route=\/wp\/v2\/pages\/2997\/revisions\/2999"}],"wp:featuredmedia":[{"embeddable":true,"href":"https:\/\/tcf.gdu.edu.az\/index.php?rest_route=\/wp\/v2\/media\/2998"}],"wp:attachment":[{"href":"https:\/\/tcf.gdu.edu.az\/index.php?rest_route=%2Fwp%2Fv2%2Fmedia&parent=2997"}],"wp:term":[{"taxonomy":"category","embeddable":true,"href":"https:\/\/tcf.gdu.edu.az\/index.php?rest_route=%2Fwp%2Fv2%2Fcategories&post=2997"},{"taxonomy":"post_tag","embeddable":true,"href":"https:\/\/tcf.gdu.edu.az\/index.php?rest_route=%2Fwp%2Fv2%2Ftags&post=2997"}],"curies":[{"name":"wp","href":"https:\/\/api.w.org\/{rel}","templated":true}]}}

YUSİBOVA GÜNEL YALÇIN QIZI

<figure class="wp-block-image size-full"><a href="https://tcf.gdu.edu.az/wp-content/uploads/2023/04/Gunel-Yusibova.jpg"><img loading="lazy" decoding="async" width="260" height="352" src="https://tcf.gdu.edu.az/wp-content/uploads/2023/04/Gunel-Yusibova.jpg" alt="" class="wp-image-2998" srcset="https://tcf.gdu.edu.az/wp-content/uploads/2023/04/Gunel-Yusibova.jpg 260w, https://tcf.gdu.edu.az/wp-content/uploads/2023/04/Gunel-Yusibova-222x300.jpg 222w" sizes="auto, (max-width: 260px) 100vw, 260px" /></a></figure>



<div class="wp-block-group has-black-color has-text-color" style="font-size:14px"><div class="wp-block-group__inner-container is-layout-constrained wp-block-group-is-layout-constrained">
<p>Gəncə Dövlət Universitetin Sosial fənlər kafedrasının müəllimi</p>



<p>Tel : (055) 457-50-22</p>



<p>E-mail: <a href="mailto:forget379@gmail.com">forget379@gmail.com</a></p>



<p><strong>QISA BİOQRAFİK MƏLUMAT</strong></p>



<ul class="wp-block-list">
<li>23.08.1993- cü ildə Gəncə şəhərində anadan olmuşdur.</li>
</ul>



<p><strong>TƏHSİL&nbsp; VƏ ELMİ&nbsp; DƏRƏCƏ VƏ ELMİ ADLARI</strong></p>



<ul class="wp-block-list">
<li>2010-2014-cü illərdə Azərbaycan Respublikası Prezidenti yanında Dövlət İdarəçilik Akademiyasının Siyasi idarəetmə fakültəsinin Politologiya ixtisasında təhsil alıb. 2016-2018-ci illərdə Magistratura təhsili almışdır.</li>
</ul>



<p><strong>ƏMƏK&nbsp; FƏALİYYƏTİ</strong></p>



<ul class="wp-block-list">
<li>2019-cu ildən Gəncə Dövlət Universitetinin Sosial fənlər kafedrasında&nbsp; müəllim kimi fəaliyyət göstərir.</li>



<li>2020-ci ildə DİM-nin təşkil etdiyi doktoranturaya qəbul üzrə xarici dil imtanından uğurla keçərək, Gəncə Dövlət Universitetinin Sosial fənlər kafedrasında Siyasət nəzəriyyəsi ixtisası üzrə dissertant kimi qəbul olunmuşdur.</li>



<li>Bakalavr pilləsində Politologiya ,Fəlsəfə, Multikulturalizm, Sosial siyasət, Azərbaycanda sosial yardım sistemi fənnlərini tədris edir.</li>



<li>“2 fevral gənclər günü” münasibəti ilə Gəncə şəhərinin ictimai-siyasi həyatında fəal iştirakına görə, YAP Gəncə şəhər təşkilatının sədri Ramil Orucov tərəfindən təşəkkürnamə ilə təltif olunmuşdur.</li>
</ul>



<p><strong>ELMİ MƏQALƏLƏRİ</strong></p>



<ul class="wp-block-list">
<li>“Orta əsr siyasi fikrində Qərbi Avropa mütəfəkkirlərinin rolu”// Gəncə Dövlət Universitetinin &nbsp;Elmi xəbərlər. № 2. Gəncə 2022</li>



<li>“Ekzistensializmin təməl anlayışları”// AMEA Gəncə bölməsi. Xəbərlər məcmuəsi. № 1(4) Gəncə 2022.</li>



<li>““Şuşa Bəyannaməsi” yeni mərhələdə əbədi müttəfiqliyin simvolu kimi”// BDU Qazax filialı “ Şuşa – Dünən, Bugün, Sabah” mövzusunda Respublika Elmi konfransı. Qazax-2022.</li>



<li>“Azərbaycanın işğaldan azad olunmuş ərazilərində tarixi-mədəni irsin, multikultural dəyərlərin bərpası”// Gəncə Dövlət Universitetinin “Şuşa ili”nə həsr olunan Gənc alimlərin&nbsp; Beynəlxalq &nbsp;Elmi Konfransı. Gəncə 2022</li>



<li>“Azərbaycan-Türkiyə hərbi əlaqələrinin hüquqi əsası (1990-cı illər<strong>)”// </strong>AMEA Gəncə bölməsi. Xəbərlər məcmuəsi. № 1(5). Gəncə 2023.<strong></strong></li>



<li>“Heydər Əliyevin hakimiyyəti dövründə Azərbaycan-Türkiyə hərbi-siyasi əməkdaşlığının inkişaf istiqamətləri”//AMEA Qafqazşünazlıq İnstitutu. Heydər Əliyev: Qafqazda sülh və əməkdaşlıq məsələləri” mövzusunda respublika elmi konfransı. Bakı 2023.</li>
</ul>
</div></div>

<p>Gəncə Dövlət Universitetin Sosial fənlər kafedrasının müəllimi Tel : (055) 457-50-22 E-mail: forget379@gmail.com QISA BİOQRAFİK MƏLUMAT TƏHSİL&nbsp; VƏ ELMİ&nbsp; DƏRƏCƏ VƏ ELMİ ADLARI ƏMƏK&nbsp; FƏALİYYƏTİ ELMİ MƏQALƏLƏRİ</p>
