{"id":3000,"date":"2023-04-12T09:49:59","date_gmt":"2023-04-12T07:49:59","guid":{"rendered":"https:\/\/tcf.gdu.edu.az\/?page_id=3000"},"modified":"2026-03-06T19:01:13","modified_gmt":"2026-03-06T17:01:13","slug":"m%c9%99mm%c9%99dova-p%c9%99rvan%c9%99-ismayil-qizi","status":"publish","type":"page","link":"https:\/\/tcf.gdu.edu.az\/?page_id=3000","title":{"rendered":"M\u018fMM\u018fDOVA P\u018fRVAN\u018f \u0130SMAYIL QIZI"},"content":{"rendered":"\n<figure class=\"wp-block-image size-full\"><a href=\"https:\/\/tcf.gdu.edu.az\/wp-content\/uploads\/2023\/04\/Parvana-Mammadova.jpg\"><img loading=\"lazy\" decoding=\"async\" width=\"260\" height=\"325\" src=\"https:\/\/tcf.gdu.edu.az\/wp-content\/uploads\/2023\/04\/Parvana-Mammadova.jpg\" alt=\"\" class=\"wp-image-3001\" srcset=\"https:\/\/tcf.gdu.edu.az\/wp-content\/uploads\/2023\/04\/Parvana-Mammadova.jpg 260w, https:\/\/tcf.gdu.edu.az\/wp-content\/uploads\/2023\/04\/Parvana-Mammadova-240x300.jpg 240w\" sizes=\"auto, (max-width: 260px) 100vw, 260px\" \/><\/a><\/figure>\n\n\n\n<div class=\"wp-block-group has-black-color has-text-color\" style=\"font-size:14px\"><div class=\"wp-block-group__inner-container is-layout-constrained wp-block-group-is-layout-constrained\">\n<p>G\u0259nc\u0259 D\u00f6vl\u0259t Universitetin Sosial f\u0259nl\u0259r kafedras\u0131n\u0131n ba\u015f m\u00fc\u0259llimi<\/p>\n\n\n\n<p>Tel: (055) 430-50-10<\/p>\n\n\n\n<p>E-mail: <a href=\"mailto:mammedovaparvane@gmail.com\">mammedovaparvane@gmail.com<\/a><\/p>\n\n\n\n<p><strong>QISA B\u0130OQRAF\u0130K M\u018fLUMAT<\/strong><\/p>\n\n\n\n<ul class=\"wp-block-list\">\n<li>23.07.1987- ci ild\u0259 G\u0259nc\u0259 \u015f\u0259h\u0259rind\u0259&nbsp;anadan olmu\u015fdur.<\/li>\n<\/ul>\n\n\n\n<p><strong>T\u018fHS\u0130L&nbsp; V\u018f ELM\u0130&nbsp; D\u018fR\u018fC\u018f V\u018f ELM\u0130 ADLARI<\/strong><\/p>\n\n\n\n<ul class=\"wp-block-list\">\n<li>2005-2009-c\u00fc ill\u0259rd\u0259 Bak\u0131 D\u00f6vl\u0259t Universitetind\u0259 Politologiya ixtisas\u0131 \u00fczr\u0259 bakalavr t\u0259hsili al\u0131b.<\/li>\n\n\n\n<li>2009-2011-ci ill\u0259rd\u0259 Bak\u0131 D\u00f6vl\u0259t Universitetind\u0259 Az\u0259rbaycanda siyasi prosesl\u0259r ixtisas\u0131 \u00fczr\u0259 magistratura pill\u0259sind\u0259 t\u0259hsil al\u0131b.<\/li>\n<\/ul>\n\n\n\n<p><strong>\u018fM\u018fK&nbsp; F\u018fAL\u0130YY\u018fT\u0130<\/strong><\/p>\n\n\n\n<ul class=\"wp-block-list\">\n<li>2019-cu\u00a0 ild\u0259n G\u0259nc\u0259 D\u00f6vl\u0259t Universitetinin Sosial f\u0259nl\u0259r kafedras\u0131nda m\u00fc\u0259llim i\u015fl\u0259yir.<\/li>\n\n\n\n<li>Bakalavr pill\u0259sind\u0259 Heyd\u0259r \u018fliyev v\u0259 Az\u0259rbaycan d\u00f6vl\u0259t\u00e7iliyi, sosiologiya, f\u0259ls\u0259f\u0259, politologiya, sosial-siyasi t\u0259hlil v\u0259 lobbi\u00e7ilik&nbsp; f\u0259nnl\u0259rini t\u0259dris edir.<\/li>\n\n\n\n<li>5 elmi m\u0259qal\u0259nin m\u00fc\u0259lifidir.<\/li>\n<\/ul>\n\n\n\n<p><strong>ELM\u0130 M\u018fQAL\u018fL\u018fR\u0130<\/strong><\/p>\n\n\n\n<ul class=\"wp-block-list\">\n<li>&nbsp;&#8220;Siyasi texnologiyalar\u0131n siyasi h\u0259yatda rolu&#8221;\/\/ Bak\u0131 D\u00f6vl\u0259t Universiteti. M\u00fcasir d\u00f6vr\u00fcn aktual probleml\u0259ri elmi \u0259s\u0259rl\u0259r toplusu burax\u0131l\u0131\u015f 4. Bak\u0131 &#8211; 2010<\/li>\n\n\n\n<li>&#8220;Beyn\u0259lxalq m\u00fcnasib\u0259tl\u0259rd\u0259 Az\u0259rbaycan diasporu&#8221;\/\/ Bak\u0131 D\u00f6vl\u0259t Universiteti. XXI \u0259sr &#8211; m\u00fclahiz\u0259l\u0259r v\u0259 d\u00fc\u015f\u00fcnc\u0259l\u0259r. G\u0259nc T\u0259dqiqat\u00e7\u0131lar\u0131n Respublika Elmi-Praktik Konfrans\u0131n\u0131n materiallar\u0131.15 aprel 2011-ci il.<\/li>\n\n\n\n<li>&#8220;Siyasi texnologiyalar\u0131n bir n\u00f6v\u00fc kimi se\u00e7ki texnologiyalar\u0131&#8221;\/\/ Bak\u0131 D\u00f6vl\u0259t Universiteti. M\u00fcasir d\u00f6vr\u00fcn aktual probleml\u0259ri elmi \u0259s\u0259rl\u0259r toplusu burax\u0131l\u0131\u015f 5. Bak\u0131 &#8211; 2011<\/li>\n\n\n\n<li>&#8220;44 g\u00fcnl\u00fck z\u0259f\u0259r salnam\u0259sind\u0259 \u0130lham \u018fliyevin q\u0259tiyy\u0259ti&#8221;\/\/ Milli M\u00fcdafi\u0259 Universiteti. V\u0259t\u0259n m\u00fcharib\u0259si: 44 g\u00fcnl\u00fck Z\u0259f\u0259r Salnam\u0259si. 44 G\u00fcnl\u00fck V\u0259t\u0259n M\u00fcharib\u0259sind\u0259 qazan\u0131lan Q\u0259l\u0259b\u0259nin 2-ci il d\u00f6n\u00fcm\u00fcn\u0259 h\u0259sr olunmu\u015f Respublika Elmi-Praktik Konfrans\u0131n\u0131n proqram\u0131. 2\u20133 noyabr 2022, Bak\u0131.<\/li>\n\n\n\n<li>&#8220;C\u0259nubi Qafqazda \u015eu\u015fa \u015f\u0259h\u0259rinin yeri&#8221;\/\/ \u201c\u015eu\u015fa ili\u201dn\u0259 h\u0259sr olunmu\u015f\u201c C\u0259nubi Qafqazda reall\u0131qlar\u201d m\u00f6vzusunda respublika elmi konfrans\u0131n proqram\u0131. 3 noyabr 2022, Bak\u0131.<\/li>\n<\/ul>\n<\/div><\/div>\n","protected":false},"excerpt":{"rendered":"<p>G\u0259nc\u0259 D\u00f6vl\u0259t Universitetin Sosial f\u0259nl\u0259r kafedras\u0131n\u0131n ba\u015f m\u00fc\u0259llimi Tel: (055) 430-50-10 E-mail: mammedovaparvane@gmail.com QISA B\u0130OQRAF\u0130K M\u018fLUMAT T\u018fHS\u0130L&nbsp; V\u018f ELM\u0130&nbsp; D\u018fR\u018fC\u018f V\u018f ELM\u0130 ADLARI \u018fM\u018fK&nbsp; F\u018fAL\u0130YY\u018fT\u0130 ELM\u0130 M\u018fQAL\u018fL\u018fR\u0130<\/p>\n","protected":false},"author":1,"featured_media":3001,"parent":0,"menu_order":0,"comment_status":"closed","ping_status":"closed","template":"","meta":{"footnotes":""},"categories":[37],"tags":[],"class_list":["post-3000","page","type-page","status-publish","has-post-thumbnail","hentry","category-sosial-fnnlr-kadrlar"],"_links":{"self":[{"href":"https:\/\/tcf.gdu.edu.az\/index.php?rest_route=\/wp\/v2\/pages\/3000","targetHints":{"allow":["GET"]}}],"collection":[{"href":"https:\/\/tcf.gdu.edu.az\/index.php?rest_route=\/wp\/v2\/pages"}],"about":[{"href":"https:\/\/tcf.gdu.edu.az\/index.php?rest_route=\/wp\/v2\/types\/page"}],"author":[{"embeddable":true,"href":"https:\/\/tcf.gdu.edu.az\/index.php?rest_route=\/wp\/v2\/users\/1"}],"replies":[{"embeddable":true,"href":"https:\/\/tcf.gdu.edu.az\/index.php?rest_route=%2Fwp%2Fv2%2Fcomments&post=3000"}],"version-history":[{"count":2,"href":"https:\/\/tcf.gdu.edu.az\/index.php?rest_route=\/wp\/v2\/pages\/3000\/revisions"}],"predecessor-version":[{"id":4946,"href":"https:\/\/tcf.gdu.edu.az\/index.php?rest_route=\/wp\/v2\/pages\/3000\/revisions\/4946"}],"wp:featuredmedia":[{"embeddable":true,"href":"https:\/\/tcf.gdu.edu.az\/index.php?rest_route=\/wp\/v2\/media\/3001"}],"wp:attachment":[{"href":"https:\/\/tcf.gdu.edu.az\/index.php?rest_route=%2Fwp%2Fv2%2Fmedia&parent=3000"}],"wp:term":[{"taxonomy":"category","embeddable":true,"href":"https:\/\/tcf.gdu.edu.az\/index.php?rest_route=%2Fwp%2Fv2%2Fcategories&post=3000"},{"taxonomy":"post_tag","embeddable":true,"href":"https:\/\/tcf.gdu.edu.az\/index.php?rest_route=%2Fwp%2Fv2%2Ftags&post=3000"}],"curies":[{"name":"wp","href":"https:\/\/api.w.org\/{rel}","templated":true}]}}