{"id":3019,"date":"2023-04-12T10:19:38","date_gmt":"2023-04-12T08:19:38","guid":{"rendered":"https:\/\/tcf.gdu.edu.az\/?page_id=3019"},"modified":"2026-04-12T20:31:23","modified_gmt":"2026-04-12T18:31:23","slug":"isayeva-ayt%c9%99n-cabbar-qizi","status":"publish","type":"page","link":"https:\/\/tcf.gdu.edu.az\/?page_id=3019","title":{"rendered":"\u0130SAYEVA AYT\u018fN CABBAR QIZI"},"content":{"rendered":"\n<figure class=\"wp-block-image size-full\"><a href=\"https:\/\/tcf.gdu.edu.az\/wp-content\/uploads\/2023\/04\/Aytan-Isayeva.jpg\"><img loading=\"lazy\" decoding=\"async\" width=\"260\" height=\"353\" src=\"https:\/\/tcf.gdu.edu.az\/wp-content\/uploads\/2023\/04\/Aytan-Isayeva.jpg\" alt=\"\" class=\"wp-image-3020\" srcset=\"https:\/\/tcf.gdu.edu.az\/wp-content\/uploads\/2023\/04\/Aytan-Isayeva.jpg 260w, https:\/\/tcf.gdu.edu.az\/wp-content\/uploads\/2023\/04\/Aytan-Isayeva-221x300.jpg 221w\" sizes=\"auto, (max-width: 260px) 100vw, 260px\" \/><\/a><\/figure>\n\n\n\n<div class=\"wp-block-group has-black-color has-text-color\" style=\"font-size:14px\"><div class=\"wp-block-group__inner-container is-layout-constrained wp-block-group-is-layout-constrained\">\n<p>G\u0259nc\u0259 D\u00f6vl\u0259t Universitetin Sosial f\u0259nl\u0259r kafedras\u0131n\u0131n ba\u015f m\u00fc\u0259llimi<\/p>\n\n\n\n<p>Tel : (055)&nbsp;862-64-00<\/p>\n\n\n\n<p>E-mail: sehriyar_isayev.80@mail.ru<\/p>\n\n\n\n<p><strong>QISA B\u0130OQRAF\u0130K M\u018fLUMAT<\/strong><\/p>\n\n\n\n<ul class=\"wp-block-list\">\n<li>15.08.1980-ci ild\u0259 G\u0259nc\u0259 \u015f\u0259h\u0259rind\u0259 anadan olmu\u015fdur.<\/li>\n<\/ul>\n\n\n\n<p><strong>T\u018fHS\u0130L&nbsp; V\u018f ELM\u0130&nbsp; D\u018fR\u018fC\u018f V\u018f ELM\u0130 ADLARI<\/strong><\/p>\n\n\n\n<ul class=\"wp-block-list\">\n<li>2001-ci ild\u0259 Bak\u0131 D\u00f6vl\u0259t Universitetinin Beyn\u0259lxalq m\u00fcnasib\u0259tl\u0259r v\u0259 beyn\u0259lxalq h\u00fcquq fakult\u0259sini bitirmi\u015fdir.<\/li>\n\n\n\n<li>2003-c\u00fc ild\u0259 Bak\u0131 D\u00f6vl\u0259t Universitetinin Beyn\u0259lxalq m\u00fcnasib\u0259tl\u0259r v\u0259 beyn\u0259lxalq h\u00fcquq fakult\u0259sinin magistr pill\u0259sini bitirmi\u015fdir.<\/li>\n<\/ul>\n\n\n\n<p><strong>\u018fM\u018fK&nbsp; F\u018fAL\u0130YY\u018fT\u0130<\/strong><\/p>\n\n\n\n<ul class=\"wp-block-list\">\n<li>2005-2012 \u2013ci ill\u0259rd\u0259 G\u0259nc\u0259 Telekommunikasiyas\u0131 idar\u0259sinin kadrlar \u015f\u00f6b\u0259sind\u0259 m\u00fcv\u0259kkil v\u0259zif\u0259sind\u0259 \u00e7al\u0131\u015fm\u0131\u015fd\u0131r.<\/li>\n\n\n\n<li>2012-ci ild\u0259n G\u0259nc\u0259 D\u00f6vl\u0259t Universitetinin Sosial f\u0259nl\u0259r kafedras\u0131nda m\u00fc\u0259llim v\u0259zif\u0259sind\u0259 i\u015fl\u0259yir.<\/li>\n\n\n\n<li>2026-c\u0131  ild\u0259n G\u0259nc\u0259 D\u00f6vl\u0259t Universitetinin Sosial f\u0259nl\u0259r kafedras\u0131nda ba\u015f m\u00fc\u0259llim v\u0259zif\u0259sind\u0259 i\u015fl\u0259yir.<\/li>\n\n\n\n<li>Bakalavr pill\u0259sind\u0259 Sosial i\u015f\u0259 giri\u015f, politologiya, multikulturalizm, Az\u0259rbaycan Respublikas\u0131n\u0131n Konstitutsiyas\u0131 v\u0259 H\u00fcququn \u0259saslar\u0131 &nbsp;f\u0259nl\u0259rini apar\u0131r.<\/li>\n\n\n\n<li>9 m\u0259qal\u0259nin m\u00fc\u0259lifidir<\/li>\n<\/ul>\n\n\n\n<p><strong>M\u018fQAL\u018fL\u018fR\u0130<\/strong><\/p>\n\n\n\n<ul class=\"wp-block-list\">\n<li>\u201cLayiqli t\u00f6hf\u0259\u201d\/\/ Az\u0259rbaycan q\u0259zeti. 12 oktyabr 2012-ci il<\/li>\n\n\n\n<li>\u201c\u0130nsan h\u00fcquqlar\u0131n\u0131n tarixi inki\u015faf\u0131 v\u0259 m\u00fcasir Az\u0259rbaycan\u201d\/\/G\u0259nc\u0259 D\u00f6vl\u0259t Unisersiteti. Elmi X\u0259b\u0259rl\u0259r, 2013.<\/li>\n\n\n\n<li>\u201cBu qan yerd\u0259 qalmaz\u201d Xocal\u0131 soyq\u0131r\u0131m\u0131 XX \u0259srin \u0259n b\u00f6y\u00fck faci\u0259sidir. Xocal\u0131 soyq\u0131r\u0131m\u0131 ( m\u0259qal\u0259l\u0259r toplusu). G\u0259nc\u0259 D\u00f6vl\u0259t Universitetinin Elmi \u015euras\u0131n\u0131n 22.12.2014- c\u00fc il tarixli 3 sayl\u0131 q\u0259rar\u0131 il\u0259 \u00e7ap olunur. G\u0259nc\u0259 -2015<\/li>\n\n\n\n<li>\u201cKonstitusiyan\u0131n funksiyalar\u0131\u201d\/\/ G\u0259nc\u0259 D\u00f6vl\u0259t Unisersiteti. Elmi X\u0259b\u0259rl\u0259r. 2016.<\/li>\n\n\n\n<li>\u201cHeyd\u0259r \u018fliyev siyas\u0259tind\u0259 insan h\u00fcquqlar\u0131 amili\u201d\/\/ G\u0259nc\u0259 D\u00f6vl\u0259t Unisersiteti &nbsp;&nbsp;Elmi X\u0259b\u0259rl\u0259r, 2016<\/li>\n\n\n\n<li>\u201cGender b\u0259rab\u0259rsizliyi beyn\u0259lxalq ictimaiyy\u0259td\u0259\u201d\/\/ &nbsp;G\u0259nc\u0259 D\u00f6vl\u0259t Unisersiteti. Elmi X\u0259b\u0259rl\u0259r 2018<\/li>\n\n\n\n<li>\u201cAz\u0259rbaycanda siyasi sabitliyin t\u0259min edilm\u0259sind\u0259 Heyd\u0259r \u018fliyevin rolu\u201d\/\/ &nbsp;Sumqay\u0131t D\u00f6vl\u0259t Universiteti. \u00dcmummilli lider Heyd\u0259r \u018fliyevin anadan olmas\u0131n\u0131n 95 illiyin\u0259 h\u0259sr olunmu\u015f \u201cHeyd\u0259r \u018fliyev Az\u0259rbaycan d\u00f6vl\u0259t\u00e7iliyinin memar\u0131d\u0131r\u201d m\u00f6vzusunda ke\u00e7iril\u0259n elmi konfrans. 2018.<\/li>\n\n\n\n<li>\u201cHeyd\u0259r \u018fliyev siyas\u0259tind\u0259 milli azl\u0131qlar m\u0259s\u0259l\u0259si\u201d\/\/ D\u00f6vl\u0259t \u0130dar\u0259\u00e7ilik Akademiyas\u0131. Bak\u0131 2019<\/li>\n<\/ul>\n<\/div><\/div>\n","protected":false},"excerpt":{"rendered":"<p>G\u0259nc\u0259 D\u00f6vl\u0259t Universitetin Sosial f\u0259nl\u0259r kafedras\u0131n\u0131n ba\u015f m\u00fc\u0259llimi Tel : (055)&nbsp;862-64-00 E-mail: sehriyar_isayev.80@mail.ru QISA B\u0130OQRAF\u0130K M\u018fLUMAT T\u018fHS\u0130L&nbsp; V\u018f ELM\u0130&nbsp; D\u018fR\u018fC\u018f V\u018f ELM\u0130 ADLARI \u018fM\u018fK&nbsp; F\u018fAL\u0130YY\u018fT\u0130 M\u018fQAL\u018fL\u018fR\u0130<\/p>\n","protected":false},"author":1,"featured_media":3020,"parent":0,"menu_order":0,"comment_status":"closed","ping_status":"closed","template":"","meta":{"footnotes":""},"categories":[37],"tags":[],"class_list":["post-3019","page","type-page","status-publish","has-post-thumbnail","hentry","category-sosial-fnnlr-kadrlar"],"_links":{"self":[{"href":"https:\/\/tcf.gdu.edu.az\/index.php?rest_route=\/wp\/v2\/pages\/3019","targetHints":{"allow":["GET"]}}],"collection":[{"href":"https:\/\/tcf.gdu.edu.az\/index.php?rest_route=\/wp\/v2\/pages"}],"about":[{"href":"https:\/\/tcf.gdu.edu.az\/index.php?rest_route=\/wp\/v2\/types\/page"}],"author":[{"embeddable":true,"href":"https:\/\/tcf.gdu.edu.az\/index.php?rest_route=\/wp\/v2\/users\/1"}],"replies":[{"embeddable":true,"href":"https:\/\/tcf.gdu.edu.az\/index.php?rest_route=%2Fwp%2Fv2%2Fcomments&post=3019"}],"version-history":[{"count":2,"href":"https:\/\/tcf.gdu.edu.az\/index.php?rest_route=\/wp\/v2\/pages\/3019\/revisions"}],"predecessor-version":[{"id":5132,"href":"https:\/\/tcf.gdu.edu.az\/index.php?rest_route=\/wp\/v2\/pages\/3019\/revisions\/5132"}],"wp:featuredmedia":[{"embeddable":true,"href":"https:\/\/tcf.gdu.edu.az\/index.php?rest_route=\/wp\/v2\/media\/3020"}],"wp:attachment":[{"href":"https:\/\/tcf.gdu.edu.az\/index.php?rest_route=%2Fwp%2Fv2%2Fmedia&parent=3019"}],"wp:term":[{"taxonomy":"category","embeddable":true,"href":"https:\/\/tcf.gdu.edu.az\/index.php?rest_route=%2Fwp%2Fv2%2Fcategories&post=3019"},{"taxonomy":"post_tag","embeddable":true,"href":"https:\/\/tcf.gdu.edu.az\/index.php?rest_route=%2Fwp%2Fv2%2Ftags&post=3019"}],"curies":[{"name":"wp","href":"https:\/\/api.w.org\/{rel}","templated":true}]}}

İSAYEVA AYTƏN CABBAR QIZI

<figure class="wp-block-image size-full"><a href="https://tcf.gdu.edu.az/wp-content/uploads/2023/04/Aytan-Isayeva.jpg"><img loading="lazy" decoding="async" width="260" height="353" src="https://tcf.gdu.edu.az/wp-content/uploads/2023/04/Aytan-Isayeva.jpg" alt="" class="wp-image-3020" srcset="https://tcf.gdu.edu.az/wp-content/uploads/2023/04/Aytan-Isayeva.jpg 260w, https://tcf.gdu.edu.az/wp-content/uploads/2023/04/Aytan-Isayeva-221x300.jpg 221w" sizes="auto, (max-width: 260px) 100vw, 260px" /></a></figure>



<div class="wp-block-group has-black-color has-text-color" style="font-size:14px"><div class="wp-block-group__inner-container is-layout-constrained wp-block-group-is-layout-constrained">
<p>Gəncə Dövlət Universitetin Sosial fənlər kafedrasının baş müəllimi</p>



<p>Tel : (055)&nbsp;862-64-00</p>



<p>E-mail: sehriyar_isayev.80@mail.ru</p>



<p><strong>QISA BİOQRAFİK MƏLUMAT</strong></p>



<ul class="wp-block-list">
<li>15.08.1980-ci ildə Gəncə şəhərində anadan olmuşdur.</li>
</ul>



<p><strong>TƏHSİL&nbsp; VƏ ELMİ&nbsp; DƏRƏCƏ VƏ ELMİ ADLARI</strong></p>



<ul class="wp-block-list">
<li>2001-ci ildə Bakı Dövlət Universitetinin Beynəlxalq münasibətlər və beynəlxalq hüquq fakultəsini bitirmişdir.</li>



<li>2003-cü ildə Bakı Dövlət Universitetinin Beynəlxalq münasibətlər və beynəlxalq hüquq fakultəsinin magistr pilləsini bitirmişdir.</li>
</ul>



<p><strong>ƏMƏK&nbsp; FƏALİYYƏTİ</strong></p>



<ul class="wp-block-list">
<li>2005-2012 –ci illərdə Gəncə Telekommunikasiyası idarəsinin kadrlar şöbəsində müvəkkil vəzifəsində çalışmışdır.</li>



<li>2012-ci ildən Gəncə Dövlət Universitetinin Sosial fənlər kafedrasında müəllim vəzifəsində işləyir.</li>



<li>2026-cı  ildən Gəncə Dövlət Universitetinin Sosial fənlər kafedrasında baş müəllim vəzifəsində işləyir.</li>



<li>Bakalavr pilləsində Sosial işə giriş, politologiya, multikulturalizm, Azərbaycan Respublikasının Konstitutsiyası və Hüququn əsasları &nbsp;fənlərini aparır.</li>



<li>9 məqalənin müəlifidir</li>
</ul>



<p><strong>MƏQALƏLƏRİ</strong></p>



<ul class="wp-block-list">
<li>“Layiqli töhfə”// Azərbaycan qəzeti. 12 oktyabr 2012-ci il</li>



<li>“İnsan hüquqlarının tarixi inkişafı və müasir Azərbaycan”//Gəncə Dövlət Unisersiteti. Elmi Xəbərlər, 2013.</li>



<li>“Bu qan yerdə qalmaz” Xocalı soyqırımı XX əsrin ən böyük faciəsidir. Xocalı soyqırımı ( məqalələr toplusu). Gəncə Dövlət Universitetinin Elmi Şurasının 22.12.2014- cü il tarixli 3 saylı qərarı ilə çap olunur. Gəncə -2015</li>



<li>“Konstitusiyanın funksiyaları”// Gəncə Dövlət Unisersiteti. Elmi Xəbərlər. 2016.</li>



<li>“Heydər Əliyev siyasətində insan hüquqları amili”// Gəncə Dövlət Unisersiteti &nbsp;&nbsp;Elmi Xəbərlər, 2016</li>



<li>“Gender bərabərsizliyi beynəlxalq ictimaiyyətdə”// &nbsp;Gəncə Dövlət Unisersiteti. Elmi Xəbərlər 2018</li>



<li>“Azərbaycanda siyasi sabitliyin təmin edilməsində Heydər Əliyevin rolu”// &nbsp;Sumqayıt Dövlət Universiteti. Ümummilli lider Heydər Əliyevin anadan olmasının 95 illiyinə həsr olunmuş “Heydər Əliyev Azərbaycan dövlətçiliyinin memarıdır” mövzusunda keçirilən elmi konfrans. 2018.</li>



<li>“Heydər Əliyev siyasətində milli azlıqlar məsələsi”// Dövlət İdarəçilik Akademiyası. Bakı 2019</li>
</ul>
</div></div>

<p>Gəncə Dövlət Universitetin Sosial fənlər kafedrasının baş müəllimi Tel : (055)&nbsp;862-64-00 E-mail: sehriyar_isayev.80@mail.ru QISA BİOQRAFİK MƏLUMAT TƏHSİL&nbsp; VƏ ELMİ&nbsp; DƏRƏCƏ VƏ ELMİ ADLARI ƏMƏK&nbsp; FƏALİYYƏTİ MƏQALƏLƏRİ</p>
