{"id":4467,"date":"2025-10-01T17:45:21","date_gmt":"2025-10-01T15:45:21","guid":{"rendered":"https:\/\/tcf.gdu.edu.az\/?page_id=4467"},"modified":"2025-10-23T09:49:16","modified_gmt":"2025-10-23T07:49:16","slug":"t%c9%99lim-n%c9%99tic%c9%99l%c9%99ri-2","status":"publish","type":"page","link":"https:\/\/tcf.gdu.edu.az\/?page_id=4467","title":{"rendered":"T\u0259lim n\u0259tic\u0259l\u0259ri"},"content":{"rendered":"\n<p>T\u0259lim n\u0259tic\u0259l\u0259ri<\/p>\n\n\n\n<div data-wp-interactive=\"core\/file\" class=\"wp-block-file\"><object data-wp-bind--hidden=\"!state.hasPdfPreview\" hidden class=\"wp-block-file__embed\" data=\"https:\/\/tcf.gdu.edu.az\/wp-content\/uploads\/2025\/10\/TELIM-NETICELERI.pdf\" type=\"application\/pdf\" style=\"width:100%;height:400px\" aria-label=\"Embed of T\u018fL\u0130M N\u018fT\u0130C\u018fL\u018fR\u0130.\"><\/object><a id=\"wp-block-file--media-d7131a06-789f-4ade-913d-a33c7662a0c1\" href=\"https:\/\/tcf.gdu.edu.az\/wp-content\/uploads\/2025\/10\/TELIM-NETICELERI.pdf\">T\u018fL\u0130M N\u018fT\u0130C\u018fL\u018fR\u0130<\/a><a href=\"https:\/\/tcf.gdu.edu.az\/wp-content\/uploads\/2025\/10\/TELIM-NETICELERI.pdf\" class=\"wp-block-file__button wp-element-button\" download aria-describedby=\"wp-block-file--media-d7131a06-789f-4ade-913d-a33c7662a0c1\">Download<\/a><\/div>\n\n\n\n<div data-wp-interactive=\"core\/file\" class=\"wp-block-file\"><object data-wp-bind--hidden=\"!state.hasPdfPreview\" hidden class=\"wp-block-file__embed\" data=\"https:\/\/tcf.gdu.edu.az\/wp-content\/uploads\/2025\/10\/TELIM-NETICELERI-Cografiya-mu\u0259llimliyi.pdf\" type=\"application\/pdf\" style=\"width:100%;height:400px\" aria-label=\"Embed of T\u018fL\u0130M N\u018fT\u0130C\u018fL\u018fR\u0130  Co\u011frafiya   m\u00fc\u0259llimliyi.\"><\/object><a id=\"wp-block-file--media-7ea70690-04d1-44eb-b05c-fd33d187b528\" href=\"https:\/\/tcf.gdu.edu.az\/wp-content\/uploads\/2025\/10\/TELIM-NETICELERI-Cografiya-mu\u0259llimliyi.pdf\">T\u018fL\u0130M N\u018fT\u0130C\u018fL\u018fR\u0130  Co\u011frafiya   m\u00fc\u0259llimliyi<\/a><a href=\"https:\/\/tcf.gdu.edu.az\/wp-content\/uploads\/2025\/10\/TELIM-NETICELERI-Cografiya-mu\u0259llimliyi.pdf\" class=\"wp-block-file__button wp-element-button\" download aria-describedby=\"wp-block-file--media-7ea70690-04d1-44eb-b05c-fd33d187b528\">Download<\/a><\/div>\n\n\n\n<div data-wp-interactive=\"core\/file\" class=\"wp-block-file\"><object data-wp-bind--hidden=\"!state.hasPdfPreview\" hidden class=\"wp-block-file__embed\" data=\"https:\/\/tcf.gdu.edu.az\/wp-content\/uploads\/2025\/10\/TELIM-NETICELERI-Tarix-ixtisasi.pdf\" type=\"application\/pdf\" style=\"width:100%;height:400px\" aria-label=\"Embed of T\u018fLIM-N\u018fTIC\u018fL\u018fRI Tarix-ixtisasi.\"><\/object><a id=\"wp-block-file--media-a64e86e2-71bb-4077-b860-a2a6d6feb09e\" href=\"https:\/\/tcf.gdu.edu.az\/wp-content\/uploads\/2025\/10\/TELIM-NETICELERI-Tarix-ixtisasi.pdf\">T\u018fLIM-N\u018fTIC\u018fL\u018fRI Tarix-ixtisasi<\/a><a href=\"https:\/\/tcf.gdu.edu.az\/wp-content\/uploads\/2025\/10\/TELIM-NETICELERI-Tarix-ixtisasi.pdf\" class=\"wp-block-file__button wp-element-button\" download aria-describedby=\"wp-block-file--media-a64e86e2-71bb-4077-b860-a2a6d6feb09e\">Download<\/a><\/div>\n\n\n\n<div data-wp-interactive=\"core\/file\" class=\"wp-block-file\"><object data-wp-bind--hidden=\"!state.hasPdfPreview\" hidden class=\"wp-block-file__embed\" data=\"https:\/\/tcf.gdu.edu.az\/wp-content\/uploads\/2025\/10\/TELIM-NETICELERI-Tarix-mu\u0259llimliyi-3.pdf\" type=\"application\/pdf\" style=\"width:100%;height:400px\" aria-label=\"Embed of TELIM-NETICELERI-Tarix-mu\u0259llimliyi.\"><\/object><a id=\"wp-block-file--media-d3961b3f-09ba-4502-847f-d3c4711b8bd9\" href=\"https:\/\/tcf.gdu.edu.az\/wp-content\/uploads\/2025\/10\/TELIM-NETICELERI-Tarix-mu\u0259llimliyi-3.pdf\">TELIM-NETICELERI-Tarix-mu\u0259llimliyi<\/a><a href=\"https:\/\/tcf.gdu.edu.az\/wp-content\/uploads\/2025\/10\/TELIM-NETICELERI-Tarix-mu\u0259llimliyi-3.pdf\" class=\"wp-block-file__button wp-element-button\" download aria-describedby=\"wp-block-file--media-d3961b3f-09ba-4502-847f-d3c4711b8bd9\">Download<\/a><\/div>\n\n\n\n<div data-wp-interactive=\"core\/file\" class=\"wp-block-file\"><object data-wp-bind--hidden=\"!state.hasPdfPreview\" hidden class=\"wp-block-file__embed\" data=\"https:\/\/tcf.gdu.edu.az\/wp-content\/uploads\/2025\/10\/TELIM-NETICELERI-Tarix-v\u0259-Cografiya-mu\u0259llimliyi.pdf\" type=\"application\/pdf\" style=\"width:100%;height:400px\" aria-label=\"Embed of TELIM-NETICELERI-Tarix-v\u0259-Cografiya-mu\u0259llimliyi.\"><\/object><a id=\"wp-block-file--media-663b7d72-9430-4db8-b71d-a53842e8568d\" href=\"https:\/\/tcf.gdu.edu.az\/wp-content\/uploads\/2025\/10\/TELIM-NETICELERI-Tarix-v\u0259-Cografiya-mu\u0259llimliyi.pdf\">TELIM-NETICELERI-Tarix-v\u0259-Cografiya-mu\u0259llimliyi<\/a><a href=\"https:\/\/tcf.gdu.edu.az\/wp-content\/uploads\/2025\/10\/TELIM-NETICELERI-Tarix-v\u0259-Cografiya-mu\u0259llimliyi.pdf\" class=\"wp-block-file__button wp-element-button\" download aria-describedby=\"wp-block-file--media-663b7d72-9430-4db8-b71d-a53842e8568d\">Download<\/a><\/div>\n\n\n\n<p><\/p>\n","protected":false},"excerpt":{"rendered":"<p>T\u0259lim n\u0259tic\u0259l\u0259ri<\/p>\n","protected":false},"author":1,"featured_media":0,"parent":0,"menu_order":0,"comment_status":"closed","ping_status":"closed","template":"","meta":{"footnotes":""},"categories":[],"tags":[],"class_list":["post-4467","page","type-page","status-publish","hentry"],"_links":{"self":[{"href":"https:\/\/tcf.gdu.edu.az\/index.php?rest_route=\/wp\/v2\/pages\/4467","targetHints":{"allow":["GET"]}}],"collection":[{"href":"https:\/\/tcf.gdu.edu.az\/index.php?rest_route=\/wp\/v2\/pages"}],"about":[{"href":"https:\/\/tcf.gdu.edu.az\/index.php?rest_route=\/wp\/v2\/types\/page"}],"author":[{"embeddable":true,"href":"https:\/\/tcf.gdu.edu.az\/index.php?rest_route=\/wp\/v2\/users\/1"}],"replies":[{"embeddable":true,"href":"https:\/\/tcf.gdu.edu.az\/index.php?rest_route=%2Fwp%2Fv2%2Fcomments&post=4467"}],"version-history":[{"count":9,"href":"https:\/\/tcf.gdu.edu.az\/index.php?rest_route=\/wp\/v2\/pages\/4467\/revisions"}],"predecessor-version":[{"id":4634,"href":"https:\/\/tcf.gdu.edu.az\/index.php?rest_route=\/wp\/v2\/pages\/4467\/revisions\/4634"}],"wp:attachment":[{"href":"https:\/\/tcf.gdu.edu.az\/index.php?rest_route=%2Fwp%2Fv2%2Fmedia&parent=4467"}],"wp:term":[{"taxonomy":"category","embeddable":true,"href":"https:\/\/tcf.gdu.edu.az\/index.php?rest_route=%2Fwp%2Fv2%2Fcategories&post=4467"},{"taxonomy":"post_tag","embeddable":true,"href":"https:\/\/tcf.gdu.edu.az\/index.php?rest_route=%2Fwp%2Fv2%2Ftags&post=4467"}],"curies":[{"name":"wp","href":"https:\/\/api.w.org\/{rel}","templated":true}]}}